000
CXUS55 KPIH 011411
CLMPIH

CLIMATE REPORT
NATIONAL WEATHER SERVICE POCATELLO ID
808 AM MDT WED APR 1 2015

...................................

...THE POCATELLO CLIMATE SUMMARY FOR THE MONTH OF MARCH 2015...

CLIMATE NORMAL PERIOD 1981 TO 2010
CLIMATE RECORD PERIOD 1939 TO 2015

WEATHER         OBSERVED          NORMAL  DEPART  LAST YEAR`S
                 VALUE   DATE(S)  VALUE   FROM    VALUE  DATE(S)
                                          NORMAL
................................................................
TEMPERATURE (F)
RECORD
 HIGH              75   03/15/1994
                        03/28/1986
 LOW              -12   03/04/1985
HIGHEST            74   03/27        75      -1       70  03/25
LOWEST              7   03/04       -12      19       15  03/21
AVG. MAXIMUM     59.4              48.8    10.6     53.2
AVG. MINIMUM     28.9              27.1     1.8     29.2
MEAN             44.1              38.0     6.1     41.2
DAYS MAX >= 90      0               0.0     0.0        0
DAYS MAX <= 32      0               1.1    -1.1        0
DAYS MIN <= 32     19              23.0    -4.0       20
DAYS MIN <= 0       0               0.3    -0.3        0

PRECIPITATION (INCHES)
RECORD
 MAXIMUM         2.95   1983
 MINIMUM         0.10   1965
TOTALS           0.25              1.26   -1.01     2.29
DAILY AVG.       0.01              0.04   -0.03     0.07
DAYS >= .01         4               9.7    -5.7        9
DAYS >= .10         1               3.9    -2.9        5
DAYS >= .50         0               0.4    -0.4        2
DAYS >= 1.00        0               0.0     0.0        0
GREATEST
 24 HR. TOTAL    0.14   03/03 TO 03/03              0.82

SNOWFALL (INCHES)
RECORDS
 TOTAL           16.6   1985
TOTALS            2.6               5.4    -2.8      7.2
SINCE 7/1        17.4              39.4   -22.0     26.1
SNOWDEPTH AVG.      0                MM      MM        0
DAYS >= 1.0         1               1.9    -0.9        2
GREATEST
 SNOW DEPTH         1   03/04                          4  03/31
 24 HR TOTAL      2.6   MM                           5.3

DEGREE_DAYS
HEATING TOTAL     637               839    -202      731
 SINCE 7/1       4978              6112   -1134     5711
COOLING TOTAL       0                 0       0        0
 SINCE 1/1          0                 0       0        0
.................................................................

WIND (MPH)
AVERAGE WIND SPEED              10.0
HIGHEST WIND SPEED/DIRECTION    46/260    DATE  03/28
HIGHEST GUST SPEED/DIRECTION    57/240    DATE  03/28

SKY COVER
POSSIBLE SUNSHINE (PERCENT)   MM
AVERAGE SKY COVER           0.20
NUMBER OF DAYS FAIR           24
NUMBER OF DAYS PC              7
NUMBER OF DAYS CLOUDY          0

AVERAGE RH (PERCENT)     52

WEATHER CONDITIONS. NUMBER OF DAYS WITH
THUNDERSTORM              0     MIXED PRECIP               0
HEAVY RAIN                0     RAIN                       1
LIGHT RAIN                3     FREEZING RAIN              0
LT FREEZING RAIN          0     HAIL                       0
HEAVY SNOW                0     SNOW                       1
LIGHT SNOW                1     SLEET                      0
FOG                       3     FOG W/VIS <= 1/4 MILE      0
HAZE                      3

-  INDICATES NEGATIVE NUMBERS.
R  INDICATES RECORD WAS SET OR TIED.
MM INDICATES DATA IS MISSING.
T  INDICATES TRACE AMOUNT.

7TH: HIGH TEMP OF 61 BREAKS PREVIOUS RECORD OF 60 SET IN 1954.
10TH: HIGH TEMP OF 65 BREAKS PREVIOUS RECORD OF 64 SET IN 1996.
14TH: HIGH TEMP OF 69 BREAKS PREVIOUS RECORD OF 68 SET IN 2013.
27TH: HIGH TEMP OF 74 BREAKS OLD RECORD OF 73 SET IN 1986.
30TH: HIGH TEMP OF 73 TIES RECORD SET IN 2004.

&&

$$
