000
CXUS51 KRLX 022028
CLMPKB


CLIMATE REPORT
NATIONAL WEATHER SERVICE CHARLESTON WV
425 PM EDT THU APR 2 2015

...................................

...THE PARKERSBURG CLIMATE SUMMARY FOR THE MONTH OF MARCH 2015...

CLIMATE NORMAL PERIOD 1981 TO 2010
CLIMATE RECORD PERIOD 1889 TO 2015

WEATHER         OBSERVED          NORMAL  DEPART  LAST YEAR`S
                 VALUE   DATE(S)  VALUE   FROM    VALUE  DATE(S)
                                          NORMAL
................................................................
TEMPERATURE (F)
RECORD
 HIGH              89   03/25/1929
 LOW               -5   03/03/1980
HIGHEST            74   03/25        MM      MM       MM
LOWEST             -3   03/06        MM      MM       MM
AVG. MAXIMUM     52.1              54.1    -2.0       MM
AVG. MINIMUM     29.6              32.8    -3.2       MM
MEAN             40.9              43.5    -2.6       MM
DAYS MAX >= 90      0               0.0     0.0       MM
DAYS MAX <= 32      2               0.9     1.1       MM
DAYS MIN <= 32     17              15.4     1.6       MM
DAYS MIN <= 0       1               0.0     1.0       MM

PRECIPITATION (INCHES)
RECORD
 MAXIMUM         9.39   1963
 MINIMUM         0.10   1910
TOTALS           5.59              3.73    1.86       MM
DAILY AVG.       0.18              0.12    0.06       MM
DAYS >= .01        14              13.1     0.9       MM
DAYS >= .10         8               7.7     0.3       MM
DAYS >= .50         4               2.4     1.6       MM
DAYS >= 1.00        1               0.7     0.3       MM
GREATEST
 24 HR. TOTAL    1.62   03/04 TO 03/04


 STORM TOTAL       MM                                 MM
 (MM/DD(HH))       MM



SNOWFALL (INCHES)
TOTALS             MM

DEGREE_DAYS
HEATING TOTAL     741               671      70       MM
 SINCE 7/1       4959              4461     498       MM
COOLING TOTAL       0                 3      -3       MM
 SINCE 1/1          0                 3      -3       MM
..........................................................

WIND (MPH)
AVERAGE WIND SPEED              6.4
HIGHEST WIND SPEED/DIRECTION    30/300    DATE  03/31
HIGHEST GUST SPEED/DIRECTION    44/310    DATE  03/31

SKY COVER
POSSIBLE SUNSHINE (PERCENT)   MM
AVERAGE SKY COVER           0.50
NUMBER OF DAYS FAIR           10
NUMBER OF DAYS PC             13
NUMBER OF DAYS CLOUDY          8

AVERAGE RH (PERCENT)     63

WEATHER CONDITIONS. NUMBER OF DAYS WITH
THUNDERSTORM              0     MIXED PRECIP               0
HEAVY RAIN                1     RAIN                       5
LIGHT RAIN               13     FREEZING RAIN              0
LT FREEZING RAIN          0     HAIL                       0
HEAVY SNOW                0     SNOW                       3
LIGHT SNOW                8     SLEET                      0
FOG                      17     FOG W/VIS <= 1/4 MILE      6
HAZE                     12

-  INDICATES NEGATIVE NUMBERS.
R  INDICATES RECORD WAS SET OR TIED.
MM INDICATES DATA IS MISSING.
T  INDICATES TRACE AMOUNT.

$$
