000
CXUS56 KPDT 021238 CCA
CLMPSC

CLIMATE REPORT...CORRECTED
NATIONAL WEATHER SERVICE PENDLETON OREGON
538 AM PDT THU APR 02 2015

....................................

...THE PASCO WA CLIMATE SUMMARY FOR THE MONTH OF MARCH 2015...

CLIMATE NORMAL PERIOD 1981 TO 2010
CLIMATE RECORD PERIOD 1942 TO 2015

WEATHER         OBSERVED          NORMAL  DEPART  LAST YEAR`S
                 VALUE   DATE(S)  VALUE   FROM    VALUE  DATE(S)
                                          NORMAL

................................................................

TEMPERATURE (F)
RECORD
 HIGH              80   3/30/2003
 LOW               15   3/12/2009
HIGHEST            79   3/27       31        48            71   3/ 9
LOWEST             15   3/ 1        7         8            21   3/22
AVG. MAXIMUM     64.8            59.1       5.7          60.0
AVG. MINUMUM     35.6            33.6       2.0          33.5
MEAN             50.2            46.4       3.8          46.8

PRECIPITATION (INCHES)
RECORD
 MAXIMUM          1.43   2009
 MINIMUM          0.23   2013
TOTALS            0.49            0.79     -0.30          0.76
DAILY AVG.        0.02            0.03     -0.01          0.02
GREATEST
 24 HR. TOTAL     0.18   3/15



SNOWFALL (INCHES)
RECORD
 MAXIMUM           0.0   2012
 MINIMUM           0.0   2013
TOTALS             0.0             0.0       0.0           0.0
SINCE 7/1          0.9             0.0       0.9           4.7
DAYS >=  TRACE                       0         0
DAYS >=  1.0         0               0         0             0
GREATEST
 24 HR. TOTAL      0.0   3/31


DEGREE DAYS
HEATING TOTAL      449             579      -130           559
 SINCE 7/1        3905            4455      -550          4788
COOLING TOTAL        0               0         0             0
 SINCE 1/1           0               0         0             0

.............................................................

WIND (MPH)
AVERAGE WIND SPEED                     6.4
RESULTANT WIND SPEED/DIRECTION         4/237
HIGHEST WIND SPEED/DIRECTION          38/230      DATE          03/15
HIGHEST GUST SPEED/DIRECTION          52/250      DATE          03/15


WEATHER CONDITIONS. NUMBER OF DAYS WITH
THUNDERSTORM               1    MIXED PRECIP                           0
HEAVY RAIN                 0    RAIN                                   1
LIGHT RAIN                 8    FREEZING RAIN                          0
LT FREEZING RAIN           0    HAIL                                   0
HEAVY SNOW                 0    SNOW                                   0
LIGHT SNOW                 0    SLEET                                  0
FOG                        0    FOG W/VIS <=1/4 MILE                   0
HAZE                       0

-  INDICATES NEGATIVE NUMBERS.
R  INDICATES RECORD WAS SET OR TIED.
MM INDICATES DATA IS MISSING.
T  INDICATES TRACE AMOUNT.

$$
