000
CXUS55 KPUB 012033
CLMPUB


CLIMATE REPORT
NATIONAL WEATHER SERVICE PUEBLO
233 PM MDT FRI MAY 1 2015

...................................

...THE PUEBLO CO CLIMATE SUMMARY FOR THE MONTH OF APRIL 2015...

CLIMATE NORMAL PERIOD 1981 TO 2010
CLIMATE RECORD PERIOD 1888 TO 2015

WEATHER         OBSERVED          NORMAL  DEPART  LAST YEAR`S
                 VALUE   DATE(S)  VALUE   FROM    VALUE  DATE(S)
                                          NORMAL
................................................................
TEMPERATURE (F)
RECORD
 HIGH              93   04/30/1992
                        04/21/1989
 LOW                2   04/12/1997
                        04/02/1975
                        04/08/1957
HIGHEST            83   04/30        69      14       82  04/18
LOWEST             27   04/04        30      -3       24  04/14
AVG. MAXIMUM     67.8              67.2     0.6     67.4
AVG. MINIMUM     36.4              33.9     2.5     36.8
MEAN             52.1              50.6     1.5     52.1
DAYS MAX >= 90      0               0.2    -0.2
DAYS MAX <= 32      0               0.1    -0.1
DAYS MIN <= 32      5              11.6    -6.6
DAYS MIN <= 0       0               0.0     0.0

PRECIPITATION (INCHES)
RECORD
 MAXIMUM         8.13   1900
 MINIMUM            T   1963
TOTALS           1.42              1.40    0.02     2.06
DAILY AVG.       0.05              0.05    0.00
DAYS >= .01         6               6.6    -0.6
DAYS >= .10         4               3.6     0.4
DAYS >= .50         1               0.7     0.3
DAYS >= 1.00        0               0.2    -0.2
GREATEST
 24 HR. TOTAL    0.77   04/26 TO 04/27

SNOWFALL (INCHES)
RECORDS
 TOTAL           21.2   1957
TOTALS              T               3.8    -3.8      8.3
SINCE 7/1        42.8              31.3    11.5     29.3
SNOWDEPTH AVG.      0
DAYS >= 1.0         0               1.0    -1.0
GREATEST
 SNOW DEPTH         0   MM                             5
 24 HR TOTAL        T   04/18 TO 04/18               5.2

DEGREE_DAYS
HEATING TOTAL     380               435     -55      380
 SINCE 7/1       5010              5440    -430     5257
COOLING TOTAL       0                 2      -2        2
 SINCE 1/1          0                 2      -2        2
.................................................................

WIND (MPH)
AVERAGE WIND SPEED              9.7
HIGHEST WIND SPEED/DIRECTION    56/010    DATE  04/02
HIGHEST GUST SPEED/DIRECTION    66/010    DATE  04/02

SKY COVER
POSSIBLE SUNSHINE (PERCENT)   MM
AVERAGE SKY COVER           0.20
NUMBER OF DAYS FAIR           22
NUMBER OF DAYS PC              5
NUMBER OF DAYS CLOUDY          3

AVERAGE RH (PERCENT)     48

WEATHER CONDITIONS. NUMBER OF DAYS WITH
THUNDERSTORM              0     MIXED PRECIP               0
HEAVY RAIN                2     RAIN                       3
LIGHT RAIN               10     FREEZING RAIN              0
LT FREEZING RAIN          0     HAIL                       0
HEAVY SNOW                0     SNOW                       0
LIGHT SNOW                1     SLEET                      0
FOG                       5     FOG W/VIS <= 1/4 MILE      0
HAZE                      2

-  INDICATES NEGATIVE NUMBERS.
R  INDICATES RECORD WAS SET OR TIED.
MM INDICATES DATA IS MISSING.
T  INDICATES TRACE AMOUNT.

$$
