000
CXUS53 KLOT 011438
CLMPWK


CLIMATE REPORT
NATIONAL WEATHER SERVICE CHICAGO IL
900 AM CDT WED APR 1 2015

...................................

...THE CHICAGO EXECUTIVE CLIMATE SUMMARY FOR THE MONTH OF MARCH 2015...

CLIMATE NORMAL PERIOD 1981 TO 2010
CLIMATE RECORD PERIOD 1996 TO 2015

WEATHER         OBSERVED          NORMAL  DEPART  LAST YEAR`S
                 VALUE   DATE(S)  VALUE   FROM    VALUE
                                          NORMAL
.............................................................
TEMPERATURE (F)
RECORD
 HIGH              86   03/21/2012
                        03/20/2012
                        03/20/2012
 LOW               -4   03/03/2014
HIGHEST            73   03/16        MM      MM       68
LOWEST              3   03/05        MM      MM       -4
AVG. MAXIMUM     44.5              46.1    -1.6     40.5
AVG. MINIMUM     25.4              28.9    -3.5     21.6
MEAN             34.9              37.5    -2.6     31.0

PRECIPITATION (INCHES)
RECORD
 MAXIMUM           MM   MM
 MINIMUM           MM   MM
TOTALS           0.31              2.25   -1.94     0.55

DEGREE_DAYS
HEATING TOTAL     924               853      71     1047
 SINCE 7/1       6052              5591     461     6406
COOLING TOTAL       0                 0       0        0
 SINCE 1/1          0                 0       0        0
..............................................................

WIND (MPH)
AVERAGE WIND SPEED              7.9
HIGHEST WIND SPEED/DIRECTION    31/200    DATE  03/29
HIGHEST GUST SPEED/DIRECTION    39/190    DATE  03/29

AVERAGE RH (PERCENT)     63


-  INDICATES NEGATIVE NUMBERS.
R  INDICATES RECORD WAS SET OR TIED.
MM INDICATES DATA IS MISSING.
T  INDICATES TRACE AMOUNT.

$$
