000
CXUS56 KPDT 011458
CLMRDM

CLIMATE REPORT
NATIONAL WEATHER SERVICE PENDLETON OREGON
730 AM PDT FRI MAY 01 2015

....................................

...THE REDMOND OR CLIMATE SUMMARY FOR THE MONTH OF APRIL 2015...

CLIMATE NORMAL PERIOD 1981 TO 2010
CLIMATE RECORD PERIOD 1949 TO 2015

WEATHER         OBSERVED          NORMAL  DEPART  LAST YEAR`S
                 VALUE   DATE(S)  VALUE   FROM    VALUE  DATE(S)
                                          NORMAL

................................................................

TEMPERATURE (F)
RECORD
 HIGH              89   4/29/1968
 LOW               10   4/18/1972
HIGHEST            78   4/27       74         4            81   4/30
LOWEST             16   4/ 3       15         1            21   4/14
AVG. MAXIMUM     60.5            59.6       0.9          60.9
AVG. MINUMUM     25.3            29.1      -3.8          30.0
MEAN             42.9            44.4      -1.5          45.4
DAYS MAX >= 90      0               0         0             0
DAYS MAX <= 32      0               0         0             M
DAYS MIN <= 32     29              20         9            19
DAYS MIN <= 0       0               0         0             M


PRECIPITATION (INCHES)
RECORD
 MAXIMUM          1.99   2005
 MINIMUM             T   1968
TOTALS            0.15            0.73     -0.58          0.58
DAILY AVG.        0.01            0.02     -0.01          0.02
DAYS >=  0.01        6               7        -1             6
DAYS >=  0.10        0               2        -2             3
DAYS >=  0.50        0               0         0             0
DAYS >=  1.00        0               0         0             0
GREATEST
 24 HR. TOTAL     0.05   4/25



SNOWFALL (INCHES)
RECORD
 MAXIMUM           8.9   1967
 MINIMUM           0.0   2000
TOTALS               T             0.3      -0.3             T
SINCE 7/1          5.3            16.6     -11.3           8.5
DAYS >=  TRACE       2               0         1             1
DAYS >=  1.0         0               0         0             0
GREATEST
 24 HR. TOTAL        T   4/ 6


DEGREE DAYS
HEATING TOTAL      657             620        37           581
 SINCE 7/1        5346            6073      -727          6095
COOLING TOTAL        0               0         0             0
 SINCE 1/1           0               0         0             0

.............................................................

WIND (MPH)
AVERAGE WIND SPEED                     6.8
RESULTANT WIND SPEED/DIRECTION         4/246
HIGHEST WIND SPEED/DIRECTION          32/300      DATE          04/13
HIGHEST GUST SPEED/DIRECTION          45/290      DATE          04/13


WEATHER CONDITIONS. NUMBER OF DAYS WITH
THUNDERSTORM               0    MIXED PRECIP                           0
HEAVY RAIN                 0    RAIN                                   1
LIGHT RAIN                11    FREEZING RAIN                          0
LT FREEZING RAIN           0    HAIL                                   0
HEAVY SNOW                 0    SNOW                                   0
LIGHT SNOW                 2    SLEET                                  0
FOG                        1    FOG W/VIS <=1/4 MILE                   0
HAZE                       1

-  INDICATES NEGATIVE NUMBERS.
R  INDICATES RECORD WAS SET OR TIED.
MM INDICATES DATA IS MISSING.
T  INDICATES TRACE AMOUNT.

$$
