000
CXUS55 KREV 010857
CLMRNO

CLIMATE REPORT
NATIONAL WEATHER SERVICE RENO NV
152 AM PDT FRI MAY 1 2015

...................................

...THE RENO TAHOE AIRPORT NV CLIMATE SUMMARY FOR THE MONTH OF APRIL 2015...

THE AVERAGE TEMPERATURE FOR APRIL 2015 AT THE RENO TAHOE AIRPORT WAS
52.3 DEGREES WHICH IS 1.4 DEGREES ABOVE NORMAL.  THE HIGHEST
TEMPERATURE FOR APRIL WAS 82 DEGREES WHICH OCCURRED ON THE 28TH.
THE LOWEST TEMPERATURE FOR THE MONTH WAS 27 DEGREES WHICH WAS
RECORDED ON THE 6TH.

FOR APRIL 2015 A TOTAL OF 0.35 INCH OF PRECIPITATION WAS RECORDED AT
THE RENO TAHOE INTERNATIONAL AIRPORT.  THIS IS 0.12 INCH BELOW
NORMAL.  A TRACE OF SNOWFALL WAS REPORTED FOR THE MONTH.

THE AVERAGE WIND SPEED FOR THE MONTH WAS 7.5 MPH.  THE PEAK WIND
GUST FOR THE MONTH WAS 46 MPH FROM THE SOUTH WHICH OCCURRED ON THE
13TH.

CLIMATE NORMAL PERIOD 1981 TO 2010
CLIMATE RECORD PERIOD 1888 TO 2015

WEATHER         OBSERVED          NORMAL  DEPART
                 VALUE   DATE(S)  VALUE   FROM
                                          NORMAL
................................................
TEMPERATURE (F)
RECORD
 HIGH              90   04/22/2012
 LOW               13   04/03/1956
                        04/07/1953
                        04/13/1945
HIGHEST            82   04/28        89      -7
LOWEST             27   04/06        13      14
AVG. MAXIMUM     66.5              63.9     2.6
AVG. MINIMUM     38.1              37.8     0.3
MEAN             52.3              50.9     1.4
DAYS MAX >= 90      0               0.0     0.0
DAYS MAX <= 32      0               0.0     0.0
DAYS MIN <= 32      6               5.7     0.3
DAYS MIN <= 0       0               0.0     0.0

PRECIPITATION (INCHES)
RECORD
 MAXIMUM         3.00   1880
 MINIMUM         0.00   1886
TOTALS           0.35              0.47   -0.12
DAILY AVG.       0.01              0.02   -0.01
DAYS >= .01         5               4.2     0.8
DAYS >= .10         2               1.6     0.4
DAYS >= .50         0               0.1    -0.1
DAYS >= 1.00        0               0.0     0.0
GREATEST
 24 HR. TOTAL    0.27   04/23 TO 04/24
 STORM TOTAL       MM
 (MM/DD(HH))            MM

SNOWFALL (INCHES)
RECORDS
 TOTAL           12.7   5
                        0
 24 HR TOTAL       MM
TOTALS              T               0.5    -0.5
 LIQUID EQUIV      MM              0.10      MM
SINCE 7/1         2.7              21.5   -18.8
 LIQUID 7/1      0.27
DAYS >= TRACE       2               1.0     1.0
DAYS >= 1.0         0               0.1    -0.1
GREATEST
 SNOW DEPTH         0   MM
 24 HR TOTAL        T   04/14 TO 04/14
 STORM TOTAL       MM
 (MM/DD(HH))            MM

DEGREE_DAYS
HEATING TOTAL     374               426     -52
 SINCE 7/1       3633              4662   -1029
COOLING TOTAL       0                 1      -1
 SINCE 1/1          0                 1      -1

FREEZE DATES
RECORD
 EARLIEST     08/23/1973
 LATEST       06/27/1974
EARLIEST                        10/03
LATEST                          05/21
.................................................

WIND (MPH)
AVERAGE WIND SPEED              7.5
HIGHEST WIND SPEED/DIRECTION    37/160    DATE  04/13
HIGHEST GUST SPEED/DIRECTION    46/170    DATE  04/13

AVERAGE RH (PERCENT)     37

WEATHER CONDITIONS. NUMBER OF DAYS WITH
THUNDERSTORM              0     MIXED PRECIP               0
HEAVY RAIN                0     RAIN                       2
LIGHT RAIN                6     FREEZING RAIN              0
LT FREEZING RAIN          0     HAIL                       0
HEAVY SNOW                0     SNOW                       1
LIGHT SNOW                2     SLEET                      0
FOG                       2     FOG W/VIS <= 1/4 MILE      0
HAZE                      1

-  INDICATES NEGATIVE NUMBERS.
R  INDICATES RECORD WAS SET OR TIED.
MM INDICATES DATA IS MISSING.
T  INDICATES TRACE AMOUNT.

$$
