000
CXUS52 KCHS 021329
CLMSAV

CLIMATE REPORT
NATIONAL WEATHER SERVICE CHARLESTON SC
904 AM EDT THU APR 2 2015

...................................

...THE SAVANNAH GA CLIMATE SUMMARY FOR THE MONTH OF MARCH 2015...

CLIMATE NORMAL PERIOD 1981 TO 2010
CLIMATE RECORD PERIOD 1871 TO 2015

WEATHER         OBSERVED          NORMAL  DEPART  LAST YEAR`S
                 VALUE   DATE(S)  VALUE   FROM    VALUE  DATE(S)
                                          NORMAL
................................................................
TEMPERATURE (F)
RECORD
 HIGH              94   03/23/1907
 LOW               20   03/03/1980
                        03/06/1960
HIGHEST            87   03/11                         83  03/11
LOWEST             33   03/07                         33  03/14
AVG. MAXIMUM     72.8              70.9     1.9     68.3
AVG. MINIMUM     51.1              47.6     3.5     44.9
MEAN             62.0              59.2     2.8     56.6
DAYS MAX >= 90      0               0.0     0.0        0
DAYS MAX <= 32      0               0.0     0.0        0
DAYS MIN <= 32      0               1.2    -1.2        0
DAYS MIN <= 0       0               0.0     0.0        0

PRECIPITATION (INCHES)
RECORD
 MAXIMUM        10.18   1872
 MINIMUM         0.04   1925
TOTALS           2.02              3.73   -1.71     2.65
DAYS >= .01        10               7.7     2.3       12
DAYS >= .10         7               5.3     1.7        9
DAYS >= .50         0               2.5    -2.5        2
DAYS >= 1.00        0               1.3    -1.3        0
GREATEST
 24 HR. TOTAL    0.38   03/23

SNOWFALL (INCHES)
TOTALS            0.0                 T     0.0
SINCE 7/1         0.0               0.3    -0.3

DEGREE_DAYS
HEATING TOTAL     144               210     -66
 SINCE 7/1       1679              1727     -48
COOLING TOTAL      58                32      26
 SINCE 1/1         63                42      21
.................................................................

WIND (MPH)
AVERAGE WIND SPEED              7.2
HIGHEST WIND SPEED/DIRECTION    33/300
HIGHEST GUST SPEED/DIRECTION    41/310


WEATHER CONDITIONS. NUMBER OF DAYS WITH
THUNDERSTORM              2     MIXED PRECIP               0
HEAVY RAIN                4     RAIN                       6
LIGHT RAIN               14     FREEZING RAIN              0
LT FREEZING RAIN          0     HAIL                       0
HEAVY SNOW                0     SNOW                       0
LIGHT SNOW                0     SLEET                      0
FOG                      25     FOG W/VIS <= 1/4 MILE      5
HAZE                      5

-  INDICATES NEGATIVE NUMBERS.
R  INDICATES RECORD WAS SET OR TIED.
MM INDICATES DATA IS MISSING.
T  INDICATES TRACE AMOUNT.

&&

RECORDS ESTABLISHED DURING THE MONTH:

*MAR 4  - RECORD HIGH TEMPERATURE OF 84 DEGREES
*MAR 11 - RECORD HIGH TEMPERATURE OF 87 DEGREES

$$
