000
CXUS51 KAKQ 012039
CLMSBY


CLIMATE REPORT
NATIONAL WEATHER SERVICE WAKEFIELD, VA
438 PM EDT WED APR 1 2015

...................................

...THE SALISBURY MD CLIMATE SUMMARY FOR THE MONTH OF MARCH 2015...

CLIMATE NORMAL PERIOD 1981 TO 2010
CLIMATE RECORD PERIOD 1900 TO 2015

WEATHER         OBSERVED          NORMAL  DEPART  LAST YEAR`S
                 VALUE   DATE(S)  VALUE   FROM    VALUE  DATE(S)
                                          NORMAL
................................................................
TEMPERATURE (F)
RECORD
 HIGH              93   MM
 LOW               10   03/04/2014
HIGHEST            72   03/17        MM      MM       75  03/11
LOWEST             11   03/07        MM      MM       10  03/04
AVG. MAXIMUM     53.9              55.0    -1.1     53.1
AVG. MINIMUM     32.5              34.5    -2.0     31.9
MEAN             43.2              44.7    -1.5     42.5
DAYS MAX >= 90      0               0.0     0.0        0
DAYS MAX <= 32      1               0.4     0.6        1
DAYS MIN <= 32     16              13.5     2.5       16
DAYS MIN <= 0       0               0.0     0.0        0

PRECIPITATION (INCHES)
RECORD
 MAXIMUM           MM   MM
 MINIMUM           MM   MM
TOTALS           4.07              4.42   -0.35     2.57
DAILY AVG.       0.13              0.14   -0.01     0.08
DAYS >= .01        13              11.0     2.0       10
DAYS >= .10         9               6.9     2.1        6
DAYS >= .50         4               3.1     0.9        2
DAYS >= 1.00        0               1.0    -1.0        0
GREATEST
 24 HR. TOTAL    0.90   03/14 TO 03/14

SNOWFALL (INCHES)
RECORDS
 TOTAL             MM   MM
TOTALS            5.2
SINCE 7/1        15.7               9.1     6.6     22.5
SNOWDEPTH AVG.      0                MM      MM        1
DAYS >= 1.0         1               0.4     0.6        4
GREATEST
 SNOW DEPTH         4   03/06                          4  03/26
                                                          03/17
 24 HR TOTAL      5.2   MM                       03/25 TO 03/25
                                                          03/25 TO 03/25
                                                          03/25 TO 03/25

DEGREE_DAYS
HEATING TOTAL     669               630      39      689
 SINCE 7/1       3882              3935     -53     3829
COOLING TOTAL       0                 2      -2        0
 SINCE 1/1          0                 2      -2        0
......................................................

WIND (MPH)
AVERAGE WIND SPEED              8.0
HIGHEST WIND SPEED/DIRECTION    31/200    DATE  03/31
HIGHEST GUST SPEED/DIRECTION    45/280    DATE  03/15

SKY COVER
POSSIBLE SUNSHINE (PERCENT)   MM
AVERAGE SKY COVER           0.40

AVERAGE RH (PERCENT)     63

WEATHER CONDITIONS. NUMBER OF DAYS WITH
THUNDERSTORM              0     MIXED PRECIP               0
HEAVY RAIN                3     RAIN                       6
LIGHT RAIN               15     FREEZING RAIN              0
LT FREEZING RAIN          1     HAIL                       0
HEAVY SNOW                1     SNOW                       1
LIGHT SNOW                3     SLEET                      1
FOG                      16     FOG W/VIS <= 1/4 MILE      2
HAZE                      9

-  INDICATES NEGATIVE NUMBERS.
R  INDICATES RECORD WAS SET OR TIED.
MM INDICATES DATA IS MISSING.
T  INDICATES TRACE AMOUNT.

$$
