000
CXUS46 KLOX 011619
CLMSDB


CLIMATE REPORT
NATIONAL WEATHER SERVICE LOS ANGELES/OXNARD CA
919 AM PDT FRI MAY 1 2015

...................................

...THE SANDBERG CA CLIMATE SUMMARY FOR THE MONTH OF APRIL 2015...

CLIMATE NORMAL PERIOD 1981 TO 2010
CLIMATE RECORD PERIOD 1934 TO 2015

WEATHER         OBSERVED          NORMAL  DEPART  LAST YEAR`S
                 VALUE   DATE(S)  VALUE   FROM    VALUE
                                          NORMAL
.............................................................
TEMPERATURE (F)
HIGHEST            85   04/29
LOWEST             34   04/07
AVG. MAXIMUM     66.9              58.7     8.2
AVG. MINIMUM     45.3              42.0     3.3
MEAN             56.1              50.4     5.7
DAYS MAX >= 90      0
DAYS MAX <= 32      0
DAYS MIN <= 32      0
DAYS MIN <= 0       0

PRECIPITATION (INCHES)
TOTALS           0.21              0.63   -0.42
DAILY AVG.       0.01
DAYS >= .01         3
DAYS >= .10         0
DAYS >= .50         0
DAYS >= 1.00        0
GREATEST
 24 HR. TOTAL    0.08   04/25 TO 04/25
                        04/20 TO 04/21
                        04/21 TO 04/21

DEGREE_DAYS
HEATING TOTAL     283               446    -163      266
 SINCE 7/1       2137              3775   -1638     2393
COOLING TOTAL      23                 7      16       21
 SINCE 1/1         58                 8      50       31
..............................................................

WIND (MPH)
AVERAGE WIND SPEED              14.0
HIGHEST WIND SPEED/DIRECTION    58/330    DATE  04/01
HIGHEST GUST SPEED/DIRECTION    68/360    DATE  04/01

SKY COVER
POSSIBLE SUNSHINE (PERCENT)   MM
AVERAGE SKY COVER           0.20
NUMBER OF DAYS FAIR           21
NUMBER OF DAYS PC              8
NUMBER OF DAYS CLOUDY          1

AVERAGE RH (PERCENT)     45

WEATHER CONDITIONS. NUMBER OF DAYS WITH
THUNDERSTORM              0     MIXED PRECIP               0
HEAVY RAIN                0     RAIN                       0
LIGHT RAIN                4     FREEZING RAIN              0
LT FREEZING RAIN          0     HAIL                       0
HEAVY SNOW                0     SNOW                       0
LIGHT SNOW                0     SLEET                      0
FOG                      10     FOG W/VIS <= 1/4 MILE      7
HAZE                      7

-  INDICATES NEGATIVE NUMBERS.
R  INDICATES RECORD WAS SET OR TIED.
MM INDICATES DATA IS MISSING.
T  INDICATES TRACE AMOUNT.

$$
