000
CXUS45 KSLC 152217
CLMSLC

CLIMATE REPORT
NATIONAL WEATHER SERVICE SALT LAKE CITY UT
240 PM MDT SUN APR 5 2015

...RETRANSMISSION...

...................................

...THE SALT LAKE CITY UT CLIMATE SUMMARY FOR THE MONTH OF MARCH 2015...

CLIMATE NORMAL PERIOD 1981 TO 2010
CLIMATE RECORD PERIOD 1874 TO 2015

WEATHER         OBSERVED          NORMAL  DEPART  LAST YEAR`S
                 VALUE   DATE(S)  VALUE   FROM    VALUE  DATE(S)
                                          NORMAL
................................................................
TEMPERATURE (F)
RECORD
 HIGH              80   03/31/2012
 LOW                2   03/04/1966
HIGHEST            78   03/31                         75  03/25
LOWEST             25   03/04                         30  03/19
AVG. MAXIMUM     61.6              53.7     7.9     59.7
AVG. MINIMUM     37.8              33.6     4.2     38.4
MEAN             49.7              43.6     6.1     49.0
DAYS MAX >= 90      0               0.0     0.0        0
DAYS MAX <= 32      0               0.2    -0.2        0
DAYS MIN <= 32      9              11.8    -2.8        2
DAYS MIN <= 0       0               0.0     0.0        0

PRECIPITATION (INCHES)
TOTALS           0.71              1.79   -1.08     1.11
DAYS >= .01         5               9.9    -4.9       10
DAYS >= .10         3               5.6    -2.6        3
DAYS >= .50         0               0.7    -0.7        0
DAYS >= 1.00        0               0.0     0.0        0

SNOWFALL (INCHES)
TOTALS            2.8               6.5    -3.7      0.5
SINCE 7/1         9.6              51.9             35.5

DEGREE_DAYS
HEATING TOTAL     466               662    -196      487
 SINCE 7/1       3813              4918   -1105     4474
COOLING TOTAL       0                 0       0        0
 SINCE 1/1          0                 0       0        0
.................................................................

WIND (MPH)
AVERAGE WIND SPEED              7.4
HIGHEST WIND SPEED/DIRECTION    30/170    DATE  03/31
HIGHEST GUST SPEED/DIRECTION    36/170    DATE  03/31


WEATHER CONDITIONS. NUMBER OF DAYS WITH
THUNDERSTORM              1     RAIN                       3
HAIL                      1     SNOW                       2
FOG                       5     FOG W/VIS <= 1/4 MILE      1
HAZE                      6

-  INDICATES NEGATIVE NUMBERS.
R  INDICATES RECORD WAS SET OR TIED.
MM INDICATES DATA IS MISSING.
T  INDICATES TRACE AMOUNT.

$$
