000
CXUS56 KMTR 030958
CLMSNS


CLIMATE REPORT
NATIONAL WEATHER SERVICE SAN FRANCISCO BAY AREA
258 AM PDT FRI APR 3 2015

...................................

...THE SALINAS AIRPORT CLIMATE SUMMARY FOR THE MONTH OF MARCH 2015...

CLIMATE NORMAL PERIOD 1981 TO 2010
CLIMATE RECORD PERIOD 1930 TO 2015

WEATHER         OBSERVED          NORMAL  DEPART  LAST YEAR`S
                 VALUE   DATE(S)  VALUE   FROM    VALUE  DATE(S)
                                          NORMAL
................................................................
TEMPERATURE (F)
RECORD
 HIGH              92   03/14/2015
 LOW               27   03/02/1953
                        03/03/1946
                        03/15/1944
HIGHEST            92R  03/14                         79  03/16
                                                          03/09
LOWEST             40   03/03                         41  03/18
AVG. MAXIMUM     74.6              64.7     9.9     69.2
AVG. MINIMUM     48.6              44.7     3.9     47.7
MEAN             61.6              54.7     6.9     58.4
DAYS MAX >= 90      2                                  0
DAYS MAX <= 32      0                                  0
DAYS MIN <= 32      0                                  0
DAYS MIN <= 0       0                                  0

PRECIPITATION (INCHES)
RECORD
 MAXIMUM           MM   MM
 MINIMUM           MM   MM
TOTALS           0.19              2.26   -2.07     1.15
DAILY AVG.       0.01                               0.04
DAYS >= .01         3                                  9
DAYS >= .10         1                                  4
DAYS >= .50         0                                  0
DAYS >= 1.00        0                                  0
GREATEST
 24 HR. TOTAL    0.10   03/11 TO 03/11           03/29 TO 03/29
                                                          03/30 TO 03/30
                                                          03/30 TO 03/30

DEGREE_DAYS
HEATING TOTAL     113               320    -207      198
 SINCE 7/1        962              2134   -1172     1630
COOLING TOTAL      17                 1      16        1
 SINCE 1/1         25                 1      24        3
.................................................

WIND (MPH)
AVERAGE WIND SPEED              6.6
RESULTANT WIND SPEED/DIRECTION   2/259
HIGHEST WIND SPEED/DIRECTION    23/300    DATE  03/10
HIGHEST GUST SPEED/DIRECTION    29/300    DATE  03/10

SKY COVER
POSSIBLE SUNSHINE (PERCENT)   MM
AVERAGE SKY COVER           0.20
NUMBER OF DAYS FAIR           23
NUMBER OF DAYS PC              8
NUMBER OF DAYS CLOUDY          0

AVERAGE RH (PERCENT)     62

WEATHER CONDITIONS. NUMBER OF DAYS WITH
THUNDERSTORM              0     MIXED PRECIP               0
HEAVY RAIN                0     RAIN                       0
LIGHT RAIN                3     FREEZING RAIN              0
LT FREEZING RAIN          0     HAIL                       0
HEAVY SNOW                0     SNOW                       0
LIGHT SNOW                0     SLEET                      0
FOG                      12     FOG W/VIS <= 1/4 MILE      7
HAZE                      9

-  INDICATES NEGATIVE NUMBERS.
R  INDICATES RECORD WAS SET OR TIED.
MM INDICATES DATA IS MISSING.
T  INDICATES TRACE AMOUNT.

$$
