000
CXUS54 KBMX 022206
CLMTCL


CLIMATE REPORT
NATIONAL WEATHER SERVICE BIRMINGHAM, AL
506 PM CDT THU APR 2 2015

...................................

...THE TUSCALOOSA CLIMATE SUMMARY FOR THE MONTH OF MARCH 2015...

CLIMATE NORMAL PERIOD 1994 TO 1994
CLIMATE RECORD PERIOD 1994 TO 2015

WEATHER         OBSERVED          NORMAL  DEPART  LAST YEAR`S
                 VALUE   DATE(S)  VALUE   FROM    VALUE  DATE(S)
                                          NORMAL
................................................................
TEMPERATURE (F)
RECORD
 HIGH              90   03/23/1995
 LOW               12   03/14/1993
HIGHEST            84   03/17        MM      MM       79  03/31
                                                          03/22
LOWEST             21   03/06        MM      MM       27  03/26
AVG. MAXIMUM     68.8              68.7     0.1     66.8
AVG. MINIMUM     47.4              43.5     3.9     40.9
MEAN             58.1                               53.9
DAYS MAX >= 90      0               0.0     0.0        0
DAYS MAX <= 32      0               0.0     0.0        0
DAYS MIN <= 32      4               3.4     0.6        6
DAYS MIN <= 0       0               0.0     0.0        0

PRECIPITATION (INCHES)
RECORD
 MAXIMUM        19.99   1976
 MINIMUM         1.12   1986
TOTALS           3.44              4.54   -1.10     5.28
DAILY AVG.       0.11              0.15   -0.04
DAYS >= .01        20               9.6    10.4
DAYS >= .10        11               6.9     4.1
DAYS >= .50         1               3.5    -2.5
DAYS >= 1.00        0               1.4    -1.4

DEGREE_DAYS
HEATING TOTAL     215               294     -79      340
 SINCE 7/1       2510              2384     126     2657
COOLING TOTAL      10                18      -8        1
 SINCE 1/1         10                23     -13        8
.................................................................

WIND (MPH)
AVERAGE WIND SPEED              5.8
HIGHEST WIND SPEED/DIRECTION    25/190    DATE  03/04
HIGHEST GUST SPEED/DIRECTION    33/320    DATE  03/31

AVERAGE RH (PERCENT)     73

WEATHER CONDITIONS. NUMBER OF DAYS WITH
THUNDERSTORM              0     MIXED PRECIP               0
HEAVY RAIN                6     RAIN                      10
LIGHT RAIN               19     FREEZING RAIN              0
LT FREEZING RAIN          0     HAIL                       0
HEAVY SNOW                0     SNOW                       0
LIGHT SNOW                0     SLEET                      0
FOG                      23     FOG W/VIS <= 1/4 MILE      2
HAZE                      8

-  INDICATES NEGATIVE NUMBERS.
R  INDICATES RECORD WAS SET OR TIED.
MM INDICATES DATA IS MISSING.
T  INDICATES TRACE AMOUNT.

$$
