000
CXUS55 KTWC 011551
CLMTUS

CLIMATE REPORT
NATIONAL WEATHER SERVICE TUCSON AZ
851 AM MST WED APR 1 2015

...................................

...THE TUCSON AZ CLIMATE SUMMARY FOR THE MONTH OF MARCH 2015...

CLIMATE NORMAL PERIOD 1981 TO 2010
CLIMATE RECORD PERIOD 1895 TO 2015

WEATHER         OBSERVED          NORMAL  DEPART  LAST YEAR`S
                 VALUE   DATE(S)  VALUE   FROM    VALUE  DATE(S)
                                          NORMAL
................................................................
TEMPERATURE (F)
RECORD
 HIGH              99   03/26/1988
 LOW               20   03/04/1965
HIGHEST            93   03/30        87       6       86  03/29
                        03/28
                        03/27
LOWEST             39   03/05        34       5       46  03/28
AVG. MAXIMUM     80.2              74.1     6.1     78.5
AVG. MINIMUM     52.3              46.2     6.1     50.4
MEAN             66.3              60.1     6.2     64.4
DAYS MAX >= 90      5               0.6     4.4        0
DAYS MAX <= 32      0               0.0     0.0        0
DAYS MIN <= 32      0               0.3    -0.3        0
DAYS MIN <= 0       0               0.0     0.0        0

PRECIPITATION (INCHES)
RECORD
 MAXIMUM         3.88   1905
 MINIMUM         0.00   1984
                        1956
                        1933
TOTALS           0.50              0.73   -0.23     0.58
DAILY AVG.       0.02              0.02    0.00     0.02
DAYS >= .01         3               3.9    -0.9        2
DAYS >= .10         2               2.1    -0.1        2
DAYS >= .50         0               0.5    -0.5        0
DAYS >= 1.00        0               0.0     0.0        0
GREATEST
 24 HR. TOTAL    0.34   03/02 TO 03/02           03/01 TO 03/01
                                                          03/31 TO 03/31
                                                          03/31 TO 03/31

DEGREE_DAYS
HEATING TOTAL      47               179    -132       42
 SINCE 7/1        889              1446    -557      875
COOLING TOTAL      93                29      64       30
 SINCE 1/1        101                33      68       54
..................................................

WIND (MPH)
AVERAGE WIND SPEED              7.4
HIGHEST WIND SPEED/DIRECTION    35/200    DATE  03/02
HIGHEST GUST SPEED/DIRECTION    47/200    DATE  03/02

AVERAGE RH (PERCENT)     35

WEATHER CONDITIONS. NUMBER OF DAYS WITH
THUNDERSTORM              0     MIXED PRECIP               0
HEAVY RAIN                1     RAIN                       2
LIGHT RAIN                2     FREEZING RAIN              0
LT FREEZING RAIN          0     HAIL                       0
HEAVY SNOW                0     SNOW                       0
LIGHT SNOW                0     SLEET                      0
FOG                       2     FOG W/VIS <= 1/4 MILE      0
HAZE                      1

-  INDICATES NEGATIVE NUMBERS.
R  INDICATES RECORD WAS SET OR TIED.
MM INDICATES DATA IS MISSING.
T  INDICATES TRACE AMOUNT.

$$
