000
CXUS53 KAPX 010540
CLMTVC


CLIMATE REPORT
NATIONAL WEATHER SERVICE GAYLORD MI
139 AM EDT WED APR 1 2015

...................................

...THE TRAVERSE CITY MI CLIMATE SUMMARY FOR THE MONTH OF MARCH 2015...

CLIMATE NORMAL PERIOD 1981 TO 2010
CLIMATE RECORD PERIOD 1896 TO 2015

WEATHER         OBSERVED          NORMAL  DEPART  LAST YEAR`S
                 VALUE   DATE(S)  VALUE   FROM    VALUE  DATE(S)
                                          NORMAL
................................................................
TEMPERATURE (F)
RECORD
 HIGH              87   03/21/2012
 LOW              -30   03/03/1943
HIGHEST            61   03/16        MM      MM       59  03/31
                        03/13
LOWEST            -10   03/05        MM      MM      -18  03/03
AVG. MAXIMUM     40.1              39.9     0.2     32.7
AVG. MINIMUM     19.4              21.6    -2.2     10.9
MEAN             29.8              30.8    -1.0     21.8
DAYS MAX >= 90      0               0.0     0.0        0
DAYS MAX <= 32      8               7.2     0.8       16
DAYS MIN <= 32     26              26.3    -0.3       31
DAYS MIN <= 0       1               1.5    -0.5        7

PRECIPITATION (INCHES)
RECORD
 MAXIMUM           MM   MM
 MINIMUM           MM   MM
TOTALS           0.52              1.86   -1.34     0.92
DAILY AVG.       0.02              0.06   -0.04     0.03
DAYS >= .01         5              11.5    -6.5        8
DAYS >= .10         2               5.0    -3.0        4
DAYS >= .50         0               0.9    -0.9        0
DAYS >= 1.00        0               0.1    -0.1        0
GREATEST
 24 HR. TOTAL    0.26   03/25 TO 03/25
 STORM TOTAL       MM
 (MM/DD(HH))            MM

SNOWFALL (INCHES)
RECORDS
 TOTAL             MM   MM
TOTALS             MM              10.7      MM       MM
SINCE 7/1          MM              98.7      MM       MM
SNOWDEPTH AVG.     MM                 4      MM       MM
DAYS >= TRACE       0               7.2    -7.2        0
DAYS >= 1.0         0               3.5    -3.5        0
GREATEST
 SNOW DEPTH        MM                                 MM  MM
 24 HR TOTAL       MM                                 MM

DEGREE_DAYS
HEATING TOTAL    1083              1062      21
 SINCE 7/1       6815              6402     413
COOLING TOTAL       0                 0       0
 SINCE 1/1          0                 0       0

FREEZE DATES
RECORD
 EARLIEST     MM
 LATEST       MM
EARLIEST                        MM
LATEST                          MM
.................................................................

WIND (MPH)
AVERAGE WIND SPEED              6.7
HIGHEST WIND SPEED/DIRECTION    26/330    DATE  03/17
HIGHEST GUST SPEED/DIRECTION    37/220    DATE  03/06

SKY COVER
POSSIBLE SUNSHINE (PERCENT)   MM
AVERAGE SKY COVER           0.60
NUMBER OF DAYS FAIR            6
NUMBER OF DAYS PC             17
NUMBER OF DAYS CLOUDY          8

AVERAGE RH (PERCENT)     63

WEATHER CONDITIONS. NUMBER OF DAYS WITH
THUNDERSTORM              0     MIXED PRECIP               0
HEAVY RAIN                0     RAIN                       1
LIGHT RAIN                6     FREEZING RAIN              0
LT FREEZING RAIN          2     HAIL                       0
HEAVY SNOW                0     SNOW                       1
LIGHT SNOW               14     SLEET                      1
FOG                      11     FOG W/VIS <= 1/4 MILE      0
HAZE                      7

-  INDICATES NEGATIVE NUMBERS.
R  INDICATES RECORD WAS SET OR TIED.
MM INDICATES DATA IS MISSING.
T  INDICATES TRACE AMOUNT.

$$
