000
CXUS54 KJAN 011631
CLMTVR


CLIMATE REPORT
NATIONAL WEATHER SERVICE JACKSON MS
1128 AM CDT WED APR 1 2015

...................................

...THE VICKSBURG CLIMATE SUMMARY FOR THE MONTH OF MARCH 2015...

CLIMATE NORMAL PERIOD 1981 TO 2010
CLIMATE RECORD PERIOD 1948 TO 2015

WEATHER         OBSERVED          NORMAL  DEPART  LAST YEAR`S
                 VALUE   DATE(S)  VALUE   FROM    VALUE
                                          NORMAL
.............................................................
TEMPERATURE (F)
RECORD
 HIGH              89   03/19/1982
 LOW               11   03/03/1980
HIGHEST            83   03/31        MM      MM       82
LOWEST             22   03/07        MM      MM       25
AVG. MAXIMUM     68.4              68.4     0.0     66.2
AVG. MINIMUM     48.3              46.0     2.3     39.9
MEAN             58.3              57.2     1.1     53.1
DAYS MAX >= 90      0               0.0     0.0        0
DAYS MAX <= 32      0               0.0     0.0        0
DAYS MIN <= 32      3               1.7     1.3        6
DAYS MIN <= 0       0               0.0     0.0        0

PRECIPITATION (INCHES)
RECORD
 MAXIMUM        14.11   1961
 MINIMUM         0.48   2007
TOTALS           4.24              5.03   -0.79     5.93
DAILY AVG.       0.14              0.16   -0.02     0.19
DAYS >= .01        16                MM      MM       11
DAYS >= .10        10                MM      MM       10
DAYS >= .50         3                MM      MM        4
DAYS >= 1.00        0                MM      MM        1
GREATEST
 24 HR. TOTAL    0.78   03/21 TO 03/21              2.07

SNOWFALL (INCHES)
TOTALS              M

DEGREE_DAYS
HEATING TOTAL     223               265     -42      368
 SINCE 7/1       2481              2241     240     2777
COOLING TOTAL      22                23      -1        7
 SINCE 1/1         22                32     -10       14
..............................................................

WIND (MPH)
AVERAGE WIND SPEED              6.7
HIGHEST WIND SPEED/DIRECTION    30/020    DATE  03/05
HIGHEST GUST SPEED/DIRECTION    38/360    DATE  03/05

SKY COVER
POSSIBLE SUNSHINE (PERCENT)   MM
AVERAGE SKY COVER           0.60
NUMBER OF DAYS FAIR            8
NUMBER OF DAYS PC              7
NUMBER OF DAYS CLOUDY         10

AVERAGE RH (PERCENT)     75

WEATHER CONDITIONS. NUMBER OF DAYS WITH
THUNDERSTORM              0     MIXED PRECIP               0
HEAVY RAIN                6     RAIN                       8
LIGHT RAIN               17     FREEZING RAIN              0
LT FREEZING RAIN          0     HAIL                       0
HEAVY SNOW                0     SNOW                       0
LIGHT SNOW                2     SLEET                      0
FOG                      22     FOG W/VIS <= 1/4 MILE      5
HAZE                      1

-  INDICATES NEGATIVE NUMBERS.
R  INDICATES RECORD WAS SET OR TIED.
MM INDICATES DATA IS MISSING.
T  INDICATES TRACE AMOUNT.

$$
