000
CXUS54 KMRX 031245 RRA
CLMTYS

CLIMATE REPORT
NATIONAL WEATHER SERVICE MORRISTOWN TN
844 AM EDT FRI APR 3 2015

...................................

...THE KNOXVILLE CLIMATE SUMMARY FOR THE MONTH OF MARCH 2015...

CLIMATE NORMAL PERIOD 1981 TO 2010
CLIMATE RECORD PERIOD 1871 TO 2015

WEATHER         OBSERVED          NORMAL  DEPART
                 VALUE   DATE(S)  VALUE   FROM
                                          NORMAL
................................................
TEMPERATURE (F)
HIGHEST            78   03/25
LOWEST             19   03/06
AVG. MAXIMUM     61.8              61.4     0.4
AVG. MINIMUM     41.3              39.2     2.1
MEAN             51.5              50.3     1.2
DAYS MAX >= 90      0
DAYS MAX <= 32      0
DAYS MIN <= 32      7
DAYS MIN <= 0       0

PRECIPITATION (INCHES)
RECORD
 MAXIMUM        13.35   1917
 MINIMUM         0.72   1910
TOTALS           4.44              4.34    0.10
DAYS >= .01        16
DAYS >= .10        12
DAYS >= .50         4
DAYS >= 1.00        0
GREATEST
 24 HR. TOTAL    0.95   03/05 TO 03/05

SNOWFALL (INCHES)
TOTALS              T               0.9    -0.9
SINCE 7/1         9.3
SNOWDEPTH AVG.      0
DAYS >= TRACE       2
GREATEST
 SNOW DEPTH         0   MM

DEGREE_DAYS
HEATING TOTAL     414               461     -47
 SINCE 7/1       3679              3357     322
COOLING TOTAL       2                 5      -3
 SINCE 1/1          2                 5      -3
.................................................



-  INDICATES NEGATIVE NUMBERS.
R  INDICATES RECORD WAS SET OR TIED.
MM INDICATES DATA IS MISSING.
T  INDICATES TRACE AMOUNT.

$$
