000
CXUS56 KPQR 011444
CLMUAO


CLIMATE REPORT
NATIONAL WEATHER SERVICE PORTLAND OREGON
744 AM PDT WED APR 1 2015

...................................

...THE AURORA STATE OR CLIMATE SUMMARY FOR THE MONTH OF MARCH 2015...

CLIMATE NORMAL PERIOD 1981 TO 2010
CLIMATE RECORD PERIOD 9999 TO 9999

WEATHER         OBSERVED          NORMAL  DEPART  LAST YEAR`S
                 VALUE   DATE(S)  VALUE   FROM    VALUE  DATE(S)
                                          NORMAL
................................................................
TEMPERATURE (F)
HIGHEST            73                                 68  03/24
LOWEST             28                                 30  03/20
AVG. MAXIMUM     61.6              56.5     5.1     57.5
AVG. MINIMUM     40.3              39.1     1.2     39.5
MEAN             50.9              47.8     3.1     48.5
DAYS MAX >= 90      0               0.0     0.0        0
DAYS MAX <= 32      0               0.0     0.0        0
DAYS MIN <= 32      4               2.6     1.4        2
DAYS MIN <= 0       0               0.0     0.0        0

PRECIPITATION (INCHES)
RECORD
 MAXIMUM           MM   MM
 MINIMUM           MM   MM
TOTALS           4.60              4.23    0.37     7.09
DAYS >= .01        13                MM      MM       21
DAYS >= .10         9                MM      MM       14
DAYS >= .50         3                MM      MM        5
DAYS >= 1.00        2                MM      MM        1
GREATEST
 24 HR. TOTAL    1.73   03/14 TO 03/14

DEGREE_DAYS
HEATING TOTAL     430               533    -103      504
 SINCE 7/1       2987              3688    -701     3951
COOLING TOTAL       0                 0       0        0
 SINCE 1/1          0                 0       0        0
.................................................................

WIND (MPH)
AVERAGE WIND SPEED              4.1
RESULTANT WIND SPEED/DIRECTION   2/184
HIGHEST WIND SPEED/DIRECTION    41/190    DATE  03/15
HIGHEST GUST SPEED/DIRECTION    58/170    DATE  03/15

SKY COVER
POSSIBLE SUNSHINE (PERCENT)   MM
AVERAGE SKY COVER           0.40

AVERAGE RH (PERCENT)     73

WEATHER CONDITIONS. NUMBER OF DAYS WITH
THUNDERSTORM              0     MIXED PRECIP               0
HEAVY RAIN                5     RAIN                       8
LIGHT RAIN               15     FREEZING RAIN              0
LT FREEZING RAIN          0     HAIL                       0
HEAVY SNOW                0     SNOW                       0
LIGHT SNOW                0     SLEET                      0
FOG                      19     FOG W/VIS <= 1/4 MILE      3
HAZE                      4

-  INDICATES NEGATIVE NUMBERS.
R  INDICATES RECORD WAS SET OR TIED.
MM INDICATES DATA IS MISSING.
T  INDICATES TRACE AMOUNT.

$$
