000
CXUS53 KLSX 021148 CCB
CLMUIN

CLIMATE REPORT
NATIONAL WEATHER SERVICE ST LOUIS MO
149 PM CDT WED APR 1 2015

...................................

...THE QUINCY IL CLIMATE SUMMARY FOR THE MONTH OF MARCH 2015...

CLIMATE NORMAL PERIOD 1981 TO 2010
CLIMATE RECORD PERIOD 1901 TO 2015

WEATHER         OBSERVED          NORMAL  DEPART  LAST YEAR`S
                 VALUE   DATE(S)  VALUE   FROM    VALUE
                                          NORMAL
.............................................................
TEMPERATURE (F)
RECORD
 HIGH              88   03/21/1907
 LOW              -13   03/05/1960
HIGHEST            78   03/16                         71
LOWEST              7   03/05                         -9
AVG. MAXIMUM     51.9              51.4     0.5     48.1
AVG. MINIMUM     31.5              32.4    -0.9     24.9
MEAN             41.7              41.9    -0.2     36.5
DAYS MAX >= 90      0               0.0     0.0        0
DAYS MAX <= 32      3               1.7     1.3        2
DAYS MIN <= 32     16              15.7     0.3       24
DAYS MIN <= 0       0               0.1    -0.1        2

PRECIPITATION (INCHES)
RECORD
 MAXIMUM        11.45   1973
 MINIMUM         0.15   1910
TOTALS           0.95              2.46   -1.51     0.68
DAILY AVG.       0.03              0.08   -0.05     0.02
DAYS >= .01         8              10.1    -2.1        6
DAYS >= .10         4               5.9    -1.9        2
DAYS >= .50         0               1.4    -1.4        0
DAYS >= 1.00        0               0.4    -0.4        0
GREATEST
 24 HR. TOTAL    0.39   03/24 TO 03/24

DEGREE_DAYS
HEATING TOTAL     712               718      -6      878
 SINCE 7/1       5378              5060     318     5772
COOLING TOTAL       0                 2      -2        0
 SINCE 1/1          0                 2      -2        0
..............................................................

WIND (MPH)
HIGHEST WIND SPEED/DIRECTION    26/210    DATE  03/29
HIGHEST GUST SPEED/DIRECTION    33/210    DATE  03/29
                                33/030    DATE  03/17

SKY COVER
NUMBER OF DAYS FAIR           20
NUMBER OF DAYS PC              6
NUMBER OF DAYS CLOUDY          5


WEATHER CONDITIONS. NUMBER OF DAYS WITH
THUNDERSTORM              1     MIXED PRECIP               0
HEAVY RAIN                0     RAIN                       1
LIGHT RAIN                8     FREEZING RAIN              1
LT FREEZING RAIN          2     HEAVY SNOW                 0
SNOW                      1     LIGHT SNOW                 4
SLEET                     0     FOG                       13
FOG W/VIS <= 1/4 MILE     0     HAZE                      13

-  INDICATES NEGATIVE NUMBERS.
R  INDICATES RECORD WAS SET OR TIED.
MM INDICATES DATA IS MISSING.
T  INDICATES TRACE AMOUNT.

$$

14TH DRIEST MARCH ON RECORD WITH 0.95 INCHES
