000
CXUS53 KLOT 011438
CLMVPZ


CLIMATE REPORT
NATIONAL WEATHER SERVICE CHICAGO IL
900 AM CDT WED APR 1 2015

...................................

...THE VALPARAISO CLIMATE SUMMARY FOR THE MONTH OF MARCH 2015...

CLIMATE NORMAL PERIOD 1981 TO 2010
CLIMATE RECORD PERIOD 1998 TO 2015

WEATHER         OBSERVED          NORMAL  DEPART  LAST YEAR`S
                 VALUE   DATE(S)  VALUE   FROM    VALUE
                                          NORMAL
.............................................................
TEMPERATURE (F)
RECORD
 HIGH              86   03/21/2012
 LOW              -13   03/08/1943
HIGHEST            71   03/16        47      24       66
LOWEST             -2   03/06        29     -31       -4
AVG. MAXIMUM     43.5              46.7    -3.2     38.4
AVG. MINIMUM     23.7              28.8    -5.1     19.8
MEAN             33.6              37.7    -4.1     29.1

PRECIPITATION (INCHES)
RECORD
 MAXIMUM           MM   MM
 MINIMUM           MM   MM
TOTALS           0.62              2.48   -1.86     0.79

DEGREE_DAYS
HEATING TOTAL     963               845     118     1000
 SINCE 7/1       6221              5577     644     6449
COOLING TOTAL       0                 0       0        0
 SINCE 1/1          0                 0       0        0
..............................................................

WIND (MPH)
AVERAGE WIND SPEED              8.5
HIGHEST WIND SPEED/DIRECTION    28/010    DATE  03/17
HIGHEST GUST SPEED/DIRECTION    45/020    DATE  03/17

AVERAGE RH (PERCENT)     69


-  INDICATES NEGATIVE NUMBERS.
R  INDICATES RECORD WAS SET OR TIED.
MM INDICATES DATA IS MISSING.
T  INDICATES TRACE AMOUNT.

$$
