000
CXUS52 KMLB 011227
CLMVRB


CLIMATE REPORT
NATIONAL WEATHER SERVICE MELBOURNE FL
802 AM EDT WED APR 1 2015

...................................

...THE VERO BEACH CLIMATE SUMMARY FOR THE MONTH OF MARCH 2015...

CLIMATE NORMAL PERIOD 1981 TO 2010
CLIMATE RECORD PERIOD 1942 TO 2015

WEATHER         OBSERVED          NORMAL  DEPART  LAST YEAR`S
                 VALUE   DATE(S)  VALUE   FROM    VALUE  DATE(S)
                                          NORMAL
................................................................
TEMPERATURE (F)
MONTHLY RECORD
 HOTTEST         74.0   1997
 COLDEST         61.2   2010

DAILY RECORD
 HIGH              93   03/20/2003
 LOW               26   03/03/1980

MARCH 2015
HIGHEST            88   03/26                         87
                        03/22
                        03/15
LOWEST             46   03/30                         47
AVG. MAXIMUM     81.2              77.2     4.0     78.6
AVG. MINIMUM     63.2              57.6     5.6     57.0
MEAN             72.2              67.4     4.8     67.8
DAYS MAX >= 90      0               0.1    -0.1        0
DAYS MAX <= 32      0               0.0     0.0        0
DAYS MIN <= 32      0               0.0     0.0        0
DAYS MIN <= 0       0               0.0     0.0        0

PRECIPITATION (INCHES)
MONTHLY RECORD
 MAXIMUM        12.78   1993
 MINIMUM         0.09   1956
DAILY RECORD
 MAXIMUM         6.80   3/21/1993

MARCH 2015
TOTALS           2.38              4.12   -1.74     1.95
DAYS >= .01         6               8.0    -2.0        6
DAYS >= .10         3               5.0    -2.0        3
DAYS >= .50         2               2.6    -0.6        1
DAYS >= 1.00        1               1.0     0.0        1
GREATEST
 24 HR. TOTAL    1.03   03/23 TO 03/23

SNOWFALL (INCHES)
TOTALS            0.0               0.0     0.0      0.0
SINCE 7/1         0.0               0.0     0.0      0.0
DAYS >= TRACE       0                                  0

DEGREE_DAYS
HEATING TOTAL      12                55     -43       28
 SINCE 7/1        384               440     -56      263
COOLING TOTAL     243               129     114      120
 SINCE 1/1        368               268     100      328
.................................................................

WIND (MPH)
AVERAGE WIND SPEED              8.1
HIGHEST WIND SPEED/DIRECTION    25/140    DATE  03/26
HIGHEST GUST SPEED/DIRECTION    32/110    DATE  03/13

SKY COVER
POSSIBLE SUNSHINE (PERCENT)   MM
AVERAGE SKY COVER           0.40
NUMBER OF DAYS FAIR           14
NUMBER OF DAYS PC             15
NUMBER OF DAYS CLOUDY          2

AVERAGE RH (PERCENT)     73

WEATHER CONDITIONS. NUMBER OF DAYS WITH
THUNDERSTORM              3     MIXED PRECIP               0
HEAVY RAIN                2     RAIN                       4
LIGHT RAIN                9     LT FREEZING RAIN           0
HAIL                      0     LIGHT SNOW                 0
SLEET                     0     FOG                       18
FOG W/VIS <= 1/4 MILE    10     HAZE                      17

-  INDICATES NEGATIVE NUMBERS.
R  INDICATES RECORD WAS SET OR TIED.
MM INDICATES DATA IS MISSING.
T  INDICATES TRACE AMOUNT.

$$
