000
CXUS53 KLBF 011000
CLMVTN


CLIMATE REPORT
NATIONAL WEATHER SERVICE NORTH PLATTE
457 AM CDT FRI MAY 1 2015

...................................

...THE VALENTINE NE CLIMATE SUMMARY FOR THE MONTH OF APRIL 2015...

CLIMATE NORMAL PERIOD 1981 TO 2010
CLIMATE RECORD PERIOD 1885 TO 2015

WEATHER         OBSERVED          NORMAL  DEPART  LAST YEAR`S
                 VALUE   DATE(S)  VALUE   FROM    VALUE  DATE(S)
                                          NORMAL
................................................................
TEMPERATURE (F)
RECORD
 HIGH             100   04/30/1992
 LOW               -8   04/03/1936
HIGHEST            83   04/30        85      -2       82  04/20
LOWEST             18   04/04        16       2       13  04/01
                        04/03
AVG. MAXIMUM     64.0              60.3     3.7     61.6
AVG. MINIMUM     35.3              33.0     2.3     32.9
MEAN             49.6              46.7     2.9     47.2
DAYS MAX >= 90      0               0.3    -0.3        0
DAYS MAX <= 32      0               0.6    -0.6        1
DAYS MIN <= 32     13              13.2    -0.2       13
DAYS MIN <= 0       0               0.0     0.0        0

PRECIPITATION (INCHES)
RECORD
 MAXIMUM         7.03   1892
 MINIMUM         0.12   1910
TOTALS           1.62              2.22   -0.60     3.05
DAILY AVG.       0.05              0.07   -0.02     0.10
DAYS >= .01         6               9.1    -3.1        8
DAYS >= .10         4               4.5    -0.5        3
DAYS >= .50         1               1.6    -0.6        1
DAYS >= 1.00        0               0.2    -0.2        1
GREATEST
 24 HR. TOTAL    1.05   04/17 TO 04/18           04/27 TO 04/28
                                                          04/13 TO 04/13
                                                          04/13 TO 04/13

SNOWFALL (INCHES)
RECORDS
 TOTAL           32.2   1920
TOTALS            0.3               4.6    -4.3      3.3
SINCE 7/1        22.5              33.2   -10.7     34.8
SNOWDEPTH AVG.      0                MM      MM        0
DAYS >= 1.0         0               1.2    -1.2        1
GREATEST
 SNOW DEPTH         0   MM                             0  MM
 24 HR TOTAL      0.3   04/09 TO 04/09

DEGREE_DAYS
HEATING TOTAL     451               554    -103      526
 SINCE 7/1       6264              6683    -419     6973
COOLING TOTAL       0                 4      -4        0
 SINCE 1/1          2                 4      -2        0
....................................................

WIND (MPH)
AVERAGE WIND SPEED              11.7
HIGHEST WIND SPEED/DIRECTION    39/180    DATE  04/14
HIGHEST GUST SPEED/DIRECTION    48/200    DATE  04/14

SKY COVER
POSSIBLE SUNSHINE (PERCENT)   MM
AVERAGE SKY COVER           0.40
NUMBER OF DAYS FAIR           16
NUMBER OF DAYS PC              9
NUMBER OF DAYS CLOUDY          5

AVERAGE RH (PERCENT)     57

WEATHER CONDITIONS. NUMBER OF DAYS WITH
THUNDERSTORM              0     MIXED PRECIP               0
HEAVY RAIN                1     RAIN                       4
LIGHT RAIN                7     FREEZING RAIN              0
LT FREEZING RAIN          0     HAIL                       0
HEAVY SNOW                0     SNOW                       0
LIGHT SNOW                1     SLEET                      0
FOG                       8     FOG W/VIS <= 1/4 MILE      0
HAZE                      0

-  INDICATES NEGATIVE NUMBERS.
R  INDICATES RECORD WAS SET OR TIED.
MM INDICATES DATA IS MISSING.
T  INDICATES TRACE AMOUNT.

$$
