000
CXUS53 KGRR 032101
CLSBTL

WRKCLMBTL 000
TTAA00 KGRR 032055


CLIMATE REPORT
NATIONAL WEATHER SERVICE GRAND RAPIDS, MI
339 PM EST TUE MAR 3 2015

...................................

...THE BATTLE CREEK MI CLIMATE SUMMARY FOR THE SEASON, FROM
12/1/2014 TO 2/28/2015...

CLIMATE NORMAL PERIOD 1981 TO 2010
CLIMATE RECORD PERIOD 1998 TO 2015

WEATHER         OBSERVED          NORMAL  DEPART  LAST YEAR`S
                 VALUE   DATE(S)  VALUE   FROM    VALUE  DATE(S)
                                          NORMAL
................................................................
TEMPERATURE (F)
HIGHEST            54   12/15        MM      MM       59  12/04
                        12/14
LOWEST            -13   02/20        MM      MM      -12  01/28
                                                          01/03
                                                          01/06
AVG. MAXIMUM     30.6              34.0    -3.4     26.8
AVG. MINIMUM     16.1              17.6    -1.5     12.4
MEAN             23.3              25.8    -2.5     19.6
DAYS MAX >= 90      0               0.0     0.0        0
DAYS MAX <= 32     48              37.9    10.1       67
DAYS MIN <= 32     78              82.8    -4.8       87
DAYS MIN <= 0      13               6.6     6.4       17

PRECIPITATION (INCHES)
TOTALS           1.86              4.99   -3.13     2.64
DAILY AVG.       0.02              0.06   -0.04     0.03
DAYS >= .01        20              36.3   -16.3       20
DAYS >= .10         3              14.7   -11.7        8
DAYS >= .50         2               2.5    -0.5        1
DAYS >= 1.00        0               0.3    -0.3        0
GREATEST
 24 HR. TOTAL    0.59   01/03 TO 01/04           02/28 TO 02/28

DEGREE_DAYS
HEATING TOTAL    3702              3527     175     4053
 SINCE 7/1       5205              4965     240     5454
COOLING TOTAL       0                 0       0        0
 SINCE 1/1          0                 0       0        0

.........................................................

WIND (MPH)
AVERAGE WIND SPEED              9.5
RESULTANT WIND SPEED/DIRECTION   3/255
HIGHEST WIND SPEED/DIRECTION    35/330    DATE  02/14
HIGHEST GUST SPEED/DIRECTION    45/310    DATE  01/09

SKY COVER
AVERAGE SKY COVER           0.70
NUMBER OF DAYS FAIR           15
NUMBER OF DAYS PC             31
NUMBER OF DAYS CLOUDY         44

AVERAGE RH (PERCENT)     70

WEATHER CONDITIONS. NUMBER OF DAYS WITH
THUNDERSTORM              0     MIXED PRECIP               0
HEAVY RAIN                0     RAIN                       1
LIGHT RAIN               13     FREEZING RAIN              1
LT FREEZING RAIN          5     HAIL                       0
HEAVY SNOW                5     SNOW                       7
LIGHT SNOW               46     SLEET                      0
FOG                      46     FOG W/VIS <= 1/4 MILE      5
HAZE                     58

-  INDICATES NEGATIVE NUMBERS.
R  INDICATES RECORD WAS SET OR TIED.
MM INDICATES DATA IS MISSING.
T  INDICATES TRACE AMOUNT.

$$

HOVING
