000
CXUS51 KRNK 011553
CLSDAN


CLIMATE REPORT
NATIONAL WEATHER SERVICE BLACKSBURG VA
1034 AM EST SUN MAR 1 2015

...................................

...THE DANVILLE VA CLIMATE SUMMARY FOR THE SEASON, FROM
12/1/2014 TO 2/28/2015...

CLIMATE NORMAL PERIOD 1981 TO 2010
CLIMATE RECORD PERIOD 1948 TO 2015

WEATHER         OBSERVED          NORMAL  DEPART
                 VALUE   DATE(S)  VALUE   FROM
                                          NORMAL
................................................
TEMPERATURE (F)
RECORD
 HIGH              85   02/27/1977
 LOW               -5   01/21/1985
HIGHEST            75   12/01
LOWEST              3   02/20
AVG. MAXIMUM     48.7              48.7     0.0
AVG. MINIMUM     28.0              30.4    -2.4
MEAN             38.3              39.5    -1.2
DAYS MAX >= 90      0               0.0     0.0
DAYS MAX <= 32      5               4.7     0.3
DAYS MIN <= 32     63              55.6     7.4
DAYS MIN <= 0       0               0.0     0.0

PRECIPITATION (INCHES)
RECORD
 MAXIMUM        18.47   1997
 MINIMUM         5.01   2011
TOTALS           6.46              9.70   -3.24
DAILY AVG.       0.07              0.11   -0.04
DAYS >= .01        28              28.9    -0.9
DAYS >= .10        19              18.5     0.5
DAYS >= .50         3               7.5    -4.5
DAYS >= 1.00        0               2.3    -2.3
GREATEST
 24 HR. TOTAL    1.28

SNOWFALL (INCHES)
TOTALS            9.8
SINCE 7/1         9.8
SNOWDEPTH AVG.      0
DAYS >= TRACE      12
DAYS >= 1.0         2
GREATEST
 SNOW DEPTH         4
 24 HR TOTAL      6.3

DEGREE_DAYS
HEATING TOTAL    2334              2293      41
 SINCE 7/1       3094              3001      93
COOLING TOTAL       0                 0       0
 SINCE 1/1          0                 0       0
.................................................

WIND (MPH)
AVERAGE WIND SPEED              6.2
HIGHEST WIND SPEED/DIRECTION    39/270
HIGHEST GUST SPEED/DIRECTION    55/270

SKY COVER
POSSIBLE SUNSHINE (PERCENT)   MM
NUMBER OF DAYS FAIR           49
NUMBER OF DAYS PC             15
NUMBER OF DAYS CLOUDY         25

AVERAGE RH (PERCENT)     61

WEATHER CONDITIONS. NUMBER OF DAYS WITH
THUNDERSTORM              0     MIXED PRECIP               0
HEAVY RAIN                3     RAIN                       8
LIGHT RAIN               31     FREEZING RAIN              0
LT FREEZING RAIN          0     HAIL                       0
HEAVY SNOW                0     SNOW                       0
LIGHT SNOW               11     SLEET                      3
FOG                      35     FOG W/VIS <= 1/4 MILE      4
HAZE                      2

-  INDICATES NEGATIVE NUMBERS.
R  INDICATES RECORD WAS SET OR TIED.
MM INDICATES DATA IS MISSING.
T  INDICATES TRACE AMOUNT.

REMARKS:
DUE TO AN EQUIPMENT FAILURE CAUSING MISSING TEMPERATURE DATA ON
FEBRUARY 15...ALL TEMPERATURE DATA AND HDD WILL BE CALCULATED
WITHOUT DATA FROM THIS DATE.

$$

PW
