000
CXUS53 KGRB 021300
CLSGRB

SEASONAL CLIMATE REPORT
NATIONAL WEATHER SERVICE GREEN BAY
701 AM CST MON MAR 2 2015

...THE GREEN BAY WI WINTER CLIMATE SUMMARY FROM 12/1/2014 TO
2/28/2015...

CLIMATE NORMAL PERIOD 1981 TO 2010
CLIMATE RECORD PERIOD 1886 TO 2015

WEATHER         OBSERVED          NORMAL  DEPART  LAST YEAR`S
                 VALUE   DATE(S)  VALUE   FROM    VALUE  DATE(S)
                                          NORMAL
................................................................
TEMPERATURE (F)
RECORD
 HIGH              64   12/05/2001
 LOW              -36   01/21/1888
HIGHEST            45   12/26        50      -5       45  12/04
                        12/15
LOWEST            -15   02/23       -19       4      -21  02/28
                                                          01/09
AVG. MAXIMUM     25.1              27.0    -1.9     19.9
AVG. MINIMUM     10.5              11.9    -1.4      1.3
MEAN             17.8              19.4    -1.6     10.6
DAYS MAX >= 90      0               0.0     0.0        0
DAYS MAX <= 32     66              58.8     7.2       74
DAYS MIN <= 32     84              86.0    -2.0       90
DAYS MIN <= 0      27              18.1     8.9       49

PRECIPITATION (INCHES)
RECORD
 MAXIMUM         9.07   1922
 MINIMUM         1.34   1987
                        1961
TOTALS           2.65              3.75   -1.10     4.68
DAILY AVG.       0.03              0.04   -0.01     0.05
DAYS >= .01        19              28.6    -9.6       34
DAYS >= .10        10              10.9    -0.9       17
DAYS >= .50         1               1.2    -0.2        0
DAYS >= 1.00        0               0.2    -0.2        0

SNOWFALL (INCHES)
RECORDS
 TOTAL           77.1   2008
 24 HR TOTAL       MM
TOTALS           20.3              36.0   -15.7     61.1
SINCE 7/1        28.5              40.2   -11.7     62.3
DAYS >= TRACE      51              26.6    24.4       58
DAYS >= 1.0         7              10.9    -3.9       20
GREATEST
 SNOW DEPTH         7   02/20                         22  02/18
 24 HR TOTAL      3.1   01/08

DEGREE_DAYS
HEATING TOTAL    4201              4100     101     4870
 SINCE 7/1       6038              5840     198     6481
COOLING TOTAL       0                 0       0        0
 SINCE 1/1          0                 0       0        0

FREEZE DATES
RECORD
 EARLIEST     09/12/1955
 LATEST       06/06/1958
EARLIEST                        10/03
LATEST                          05/05
.................................................................

WIND (MPH)
AVERAGE WIND SPEED              9.0
RESULTANT WIND SPEED/DIRECTION   4/283
HIGHEST WIND SPEED/DIRECTION    35/030    DATE  02/01
HIGHEST GUST SPEED/DIRECTION    43/030    DATE  02/01

SKY COVER
POSSIBLE SUNSHINE (PERCENT)   MM
AVERAGE SKY COVER           0.50
NUMBER OF DAYS FAIR           26
NUMBER OF DAYS PC             28
NUMBER OF DAYS CLOUDY         36

AVERAGE RH (PERCENT)     74

WEATHER CONDITIONS. NUMBER OF DAYS WITH
THUNDERSTORM              0     MIXED PRECIP               0
HEAVY RAIN                0     RAIN                       2
LIGHT RAIN                8     FREEZING RAIN              0
LT FREEZING RAIN          2     HAIL                       0
HEAVY SNOW                2     SNOW                       4
LIGHT SNOW               48     SLEET                      0
FOG                      52     FOG W/VIS <= 1/4 MILE      7
HAZE                     37

-  INDICATES NEGATIVE NUMBERS.
R  INDICATES RECORD WAS SET OR TIED.
MM INDICATES DATA IS MISSING.
T  INDICATES TRACE AMOUNT.

$$
ECKBERG
