000
CXUS52 KRAH 031639
CLSGSO

CLIMATE REPORT
NATIONAL WEATHER SERVICE RALEIGH NC
1116 AM EST TUE MAR 3 2015

...................................

...THE PIEDMONT TRIAD INTL AIRPORT CLIMATE SUMMARY FOR THE SEASON, FROM
12/1/2014 TO 2/28/2015...

CLIMATE NORMAL PERIOD 1981 TO 2010
CLIMATE RECORD PERIOD 1903 TO 2015

WEATHER         OBSERVED          NORMAL  DEPART
                 VALUE   DATE(S)  VALUE   FROM
                                          NORMAL
................................................
TEMPERATURE (F)
RECORD
 HIGH              81   02/26/1977
                        02/25/1930
 LOW               -8   01/21/1985
HIGHEST            73   12/01
LOWEST              6   02/20
                        01/08
AVG. MAXIMUM     48.3              50.4    -2.1
AVG. MINIMUM     29.0              31.2    -2.2
MEAN             38.7              40.8    -2.1
DAYS MAX >= 90      0               0.0     0.0
DAYS MAX <= 32      6               2.9     3.1
DAYS MIN <= 32     53              50.0     3.0
DAYS MIN <= 0       0               0.1    -0.1

PRECIPITATION (INCHES)
RECORD
 MAXIMUM        17.84   1915
 MINIMUM         3.81   1986
TOTALS           6.89              9.00   -2.11
DAYS >= .01        27              27.6    -0.6
DAYS >= 1.00        0               2.0    -2.0
GREATEST
 24 HR. TOTAL    0.94   12/23 TO 12/24

SNOWFALL (INCHES)
RECORDS
 TOTAL           26.0   1966
TOTALS            9.6               6.6     3.0
DAYS >= TRACE      10               3.5     7.5
DAYS >= 1.0         4               2.0     2.0
GREATEST
 SNOW DEPTH         6  02/26

DEGREE_DAYS
HEATING TOTAL    2335              2174     161

.................................................

WIND (MPH)
AVERAGE WIND SPEED              7.1
HIGHEST WIND SPEED/DIRECTION    39/290    DATE  02/14
HIGHEST GUST SPEED/DIRECTION    49/300    DATE  02/14

SKY COVER
POSSIBLE SUNSHINE (PERCENT)    0
AVERAGE SKY COVER           0.60
NUMBER OF DAYS FAIR           25
NUMBER OF DAYS PC             32
NUMBER OF DAYS CLOUDY         33

AVERAGE RH (PERCENT)     61

WEATHER CONDITIONS. NUMBER OF DAYS WITH
THUNDERSTORM              0     MIXED PRECIP               0
HEAVY RAIN                4     RAIN                      12
LIGHT RAIN               32     FREEZING RAIN              0
LT FREEZING RAIN          4     HAIL                       1
HEAVY SNOW                2     SNOW                       5
LIGHT SNOW                9     SLEET                      3
FOG                      39     FOG W/VIS <= 1/4 MILE     10
HAZE                     10

-  INDICATES NEGATIVE NUMBERS.
R  INDICATES RECORD WAS SET OR TIED.
MM INDICATES DATA IS MISSING.
T  INDICATES TRACE AMOUNT.

$$
