000
CXUS53 KMKX 021538
CLSMKE

CLIMATE REPORT
NATIONAL WEATHER SERVICE IN MILWAUKEE
938 AM CST MON MAR 2 2015

...................................

...THE MILWAUKEE WI CLIMATE SUMMARY FOR THE SEASON, FROM
12/1/2014 TO 2/28/2015...

CLIMATE NORMAL PERIOD 1981 TO 2010
CLIMATE RECORD PERIOD 1871 TO 2015

WEATHER         OBSERVED          NORMAL  DEPART  LAST YEAR`S
                 VALUE   DATE(S)  VALUE   FROM    VALUE  DATE(S)
                                          NORMAL
................................................................
TEMPERATURE (F)
RECORD
 HIGH              68   12/05/2001
                        02/11/1999
 LOW              -26   02/03/1996
                        01/17/1982
HIGHEST            50   12/27        55      -5       53  12/04
LOWEST             -9   02/19       -13       4      -14  01/07
AVG. MAXIMUM     28.9              31.4    -2.5     25.1
AVG. MINIMUM     16.6              18.3    -1.7      9.2
MEAN             22.7              24.9    -2.2     17.2
DAYS MAX >= 90      0               0.0     0.0        0
DAYS MAX <= 32     51              44.0     7.0       65
DAYS MIN <= 32     80              80.7    -0.7       87
DAYS MIN <= 0      14               6.8     7.2       27

PRECIPITATION (INCHES)
RECORD
 MAXIMUM        11.13   1875
                        1876
 MINIMUM         1.53   2002
                        2003
TOTALS           2.75              5.45   -2.70     4.53
DAILY AVG.       0.03              0.06   -0.03     0.05
DAYS >= .01        26              32.0    -6.0       40
DAYS >= .10        10              14.2    -4.2       10
DAYS >= .50         0               2.8    -2.8        2
DAYS >= 1.00        0               0.7    -0.7        0
GREATEST
 24 HR. TOTAL    0.50   01/31 TO 02/01              0.70  12/22

SNOWFALL (INCHES)
RECORDS
 TOTAL           89.8   1885
                        1886
TOTALS           33.3              35.1    -1.8     54.8
SINCE 7/1        38.1              37.8     0.3     56.8
SNOWDEPTH AVG.      3                 4      -1        7
DAYS >= 1.0         9              10.3    -1.3       14
GREATEST
 SNOW DEPTH        11   02/05                         14  02/18
                        02/03
                        02/04
 24 HR TOTAL     10.4   02/01 TO 02/01               8.0  12/22

DEGREE_DAYS
HEATING TOTAL    3761              3615     146     4281
 SINCE 7/1         MM              4980      MM       MM
COOLING TOTAL       0                 0       0        0
 SINCE 1/1          0                 0       0        0

FREEZE DATES
RECORD
 EARLIEST     09/20/1956
 LATEST       05/27/1961
EARLIEST                        10/17
LATEST                          04/27
.................................................................

WIND (MPH)
AVERAGE WIND SPEED              10.2
RESULTANT WIND SPEED/DIRECTION   5/280
HIGHEST WIND SPEED/DIRECTION    33/340    DATE  02/14
HIGHEST GUST SPEED/DIRECTION    45/310    DATE  02/14

SKY COVER
POSSIBLE SUNSHINE (PERCENT)   MM
AVERAGE SKY COVER           0.70
NUMBER OF DAYS FAIR           10
NUMBER OF DAYS PC             38
NUMBER OF DAYS CLOUDY         42

AVERAGE RH (PERCENT)     67

WEATHER CONDITIONS. NUMBER OF DAYS WITH
THUNDERSTORM              0     MIXED PRECIP               0
HEAVY RAIN                0     RAIN                       1
LIGHT RAIN               16     FREEZING RAIN              0
LT FREEZING RAIN          6     HAIL                       0
HEAVY SNOW                1     SNOW                      14
LIGHT SNOW               47     SLEET                      3
FOG                      26     FOG W/VIS <= 1/4 MILE      5
HAZE                     47

-  INDICATES NEGATIVE NUMBERS.
R  INDICATES RECORD WAS SET OR TIED.
MM INDICATES DATA IS MISSING.
T  INDICATES TRACE AMOUNT.

$$
