000
CXUS53 KPAH 011152
CLACGI

STLCLMCAA 000
TTAA00 KPAH 011148

CLIMATE REPORT
NATIONAL WEATHER SERVICE PADUCAH KY
531 AM CST THU JAN 1 2015

...................................

...THE CAPE GIRARDEAU MO CLIMATE SUMMARY FOR THE YEAR OF 2014...

CLIMATE NORMAL PERIOD 1981 TO 2010
CLIMATE RECORD PERIOD 1960 TO 2014

WEATHER         OBSERVED          NORMAL  DEPART  LAST YEAR`S
                 VALUE   DATE(S)  VALUE   FROM    VALUE
                                          NORMAL
.............................................................
TEMPERATURE (F)
RECORD
 HIGH             107   06/29/2012
 LOW              -18   01/11/1977
HIGHEST            96   08/23                         97
LOWEST              0   01/06                          0
AVG. MAXIMUM     65.4              67.9    -2.5     66.2
AVG. MINIMUM     44.9              46.0    -1.1     45.8
MEAN             55.1              56.9    -1.8     56.0
DAYS MAX >= 90     27
DAYS MAX <= 32     21
DAYS MAX >= 95      3
DAYS MAX >= 100     0
DAYS MIN <= 32    108
DAYS MIN <= 0       1

PRECIPITATION (INCHES)
RECORD
 MAXIMUM        74.51   2011
 MINIMUM        26.99   2012
TOTALS          43.73             46.81   -3.08    40.08
DAILY AVG.       0.12
DAYS >= .01       105
DAYS >= .10        71
DAYS >= .50        34
DAYS >= 1.00       15
DAYS >= 0.25       51
DAYS >= 2.00        1
GREATEST
 24 HR. TOTAL    3.56
 STORM TOTAL       MM
 (MM/DD(HH))

DEGREE_DAYS
HEATING TOTAL    4811
 SINCE 7/1       1737
COOLING TOTAL    1424
 SINCE 1/1       1424
..............................................................

WIND (MPH)
AVERAGE WIND SPEED              7.6
HIGHEST WIND SPEED/DIRECTION    46/230    DATE  04/03
HIGHEST GUST SPEED/DIRECTION    57/230    DATE  04/03

SKY COVER
POSSIBLE SUNSHINE (PERCENT)   MM
NUMBER OF DAYS FAIR          209
NUMBER OF DAYS PC             99
NUMBER OF DAYS CLOUDY         57


WEATHER CONDITIONS. NUMBER OF DAYS WITH
THUNDERSTORM              0     MIXED PRECIP               0
HEAVY RAIN               42     RAIN                      59
LIGHT RAIN              106     FREEZING RAIN              4
LT FREEZING RAIN          4     HAIL                       0
HEAVY SNOW                2     SNOW                       3
LIGHT SNOW               26     SLEET                      0
FOG                     222     FOG W/VIS <= 1/4 MILE     52
HAZE                     94

-  INDICATES NEGATIVE NUMBERS.
R  INDICATES RECORD WAS SET OR TIED.
MM INDICATES DATA IS MISSING.
T  INDICATES TRACE AMOUNT.

$$
