000
CDUS43 KPAH 290629
CLICGI


CLIMATE REPORT
NATIONAL WEATHER SERVICE PADUCAH KY
127 AM CDT WED APR 29 2015


...................................

...THE CAPE GIRARDEAU MO CLIMATE SUMMARY FOR APRIL 28 2015...

CLIMATE NORMAL PERIOD 1981 TO 2010
CLIMATE RECORD PERIOD 1960 TO 2015


WEATHER ITEM   OBSERVED TIME   RECORD YEAR NORMAL DEPARTURE LAST
                VALUE   (LST)  VALUE       VALUE  FROM      YEAR
                                                  NORMAL
..................................................................
TEMPERATURE (F)
 YESTERDAY
  MAXIMUM         64    325 PM  87    1989  73     -9       75
  MINIMUM         43    341 AM  35    1992  50     -7       55
  AVERAGE         54                        61     -7

PRECIPITATION (IN)
  YESTERDAY        0.00          1.56 1996   0.16  -0.16     1.41
  MONTH TO DATE    4.17                      4.03   0.14     8.01
  SINCE MAR 1     12.96                      8.43   4.53    10.32
  SINCE JAN 1     19.48                     15.31   4.17    13.46

DEGREE DAYS
 HEATING
  YESTERDAY       11                         5      6        0
  MONTH TO DATE  155                       254    -99      199
  SINCE MAR 1    761                       813    -52      917
  SINCE JUL 1   4539                      4310    229     4842

 COOLING
  YESTERDAY        0                         1     -1        0
  MONTH TO DATE   28                        22      6       11
  SINCE MAR 1     28                        26      2       11
  SINCE JAN 1     28                        26      2       11
..................................................................


WIND (MPH)
  HIGHEST WIND SPEED    17   HIGHEST WIND DIRECTION    NE (30)
  HIGHEST GUST SPEED    21   HIGHEST GUST DIRECTION    NE (30)
  AVERAGE WIND SPEED     6.9


SKY COVER
  AVERAGE SKY COVER 0.0


WEATHER CONDITIONS
 THE FOLLOWING WEATHER WAS RECORDED YESTERDAY.
  NO SIGNIFICANT WEATHER WAS OBSERVED.


RELATIVE HUMIDITY (PERCENT)
 HIGHEST    93
 LOWEST     43
 AVERAGE    68

..........................................................


THE CAPE GIRARDEAU MO CLIMATE NORMALS FOR TODAY
                         NORMAL    RECORD    YEAR
 MAXIMUM TEMPERATURE (F)   73        90      1987
 MINIMUM TEMPERATURE (F)   50        31      2008


SUNRISE AND SUNSET
APRIL 29 2015.........SUNRISE   606 AM CDT   SUNSET   746 PM CDT
APRIL 30 2015.........SUNRISE   605 AM CDT   SUNSET   747 PM CDT


-  INDICATES NEGATIVE NUMBERS.
R  INDICATES RECORD WAS SET OR TIED.
MM INDICATES DATA IS MISSING.
T  INDICATES TRACE AMOUNT.




$$
