000
CDUS43 KPAH 292138
CLICGI


CLIMATE REPORT
NATIONAL WEATHER SERVICE PADUCAH KY
438 PM CDT WED APR 29 2015


...................................

...THE CAPE GIRARDEAU MO CLIMATE SUMMARY FOR APRIL 29 2015...
VALID TODAY AS OF 0400 PM LOCAL TIME.

CLIMATE NORMAL PERIOD 1981 TO 2010
CLIMATE RECORD PERIOD 1960 TO 2015


WEATHER ITEM   OBSERVED TIME   RECORD YEAR NORMAL DEPARTURE LAST
                VALUE   (LST)  VALUE       VALUE  FROM      YEAR
                                                  NORMAL
..................................................................
TEMPERATURE (F)
 TODAY
  MAXIMUM         73    210 PM  90    1987  73      0       66
  MINIMUM         39    516 AM  31    2008  50    -11       48
  AVERAGE         56                        62     -6

PRECIPITATION (IN)
  TODAY            0.00          5.54 1983   0.16  -0.16     0.00
  MONTH TO DATE    4.17                      4.19  -0.02     8.01
  SINCE MAR 1     12.96                      8.59   4.37    10.32
  SINCE JAN 1     19.48                     15.47   4.01    13.46

DEGREE DAYS
 HEATING
  TODAY            9                         5      4        8
  MONTH TO DATE  164                       259    -95      207
  SINCE MAR 1    770                       818    -48      925
  SINCE JUL 1   4548                      4315    233     4850

 COOLING
  TODAY            0                         2     -2        0
  MONTH TO DATE   28                        24      4       11
  SINCE MAR 1     28                        28      0       11
  SINCE JAN 1     28                        28      0       11
..................................................................


WIND (MPH)
  HIGHEST WIND SPEED    18   HIGHEST WIND DIRECTION     N (10)
  HIGHEST GUST SPEED    25   HIGHEST GUST DIRECTION    NE (40)
  AVERAGE WIND SPEED     6.0


SKY COVER
  AVERAGE SKY COVER 0.0


WEATHER CONDITIONS
 THE FOLLOWING WEATHER WAS RECORDED TODAY.
  FOG


RELATIVE HUMIDITY (PERCENT)
 HIGHEST   100
 LOWEST     31
 AVERAGE    66

..........................................................


THE CAPE GIRARDEAU MO CLIMATE NORMALS FOR TOMORROW
                         NORMAL
 MAXIMUM TEMPERATURE (F)   73
 MINIMUM TEMPERATURE (F)   51


SUNRISE AND SUNSET
APRIL 29 2015.........SUNRISE   606 AM CDT   SUNSET   746 PM CDT
APRIL 30 2015.........SUNRISE   605 AM CDT   SUNSET   747 PM CDT


-  INDICATES NEGATIVE NUMBERS.
R  INDICATES RECORD WAS SET OR TIED.
MM INDICATES DATA IS MISSING.
T  INDICATES TRACE AMOUNT.




$$
