000
CDUS43 KPAH 130629
CLICGI


CLIMATE REPORT
NATIONAL WEATHER SERVICE PADUCAH KY
126 AM CDT MON APR 13 2015

...................................

...THE CAPE GIRARDEAU MO CLIMATE SUMMARY FOR APRIL 12 2015...

CLIMATE NORMAL PERIOD 1981 TO 2010
CLIMATE RECORD PERIOD 1960 TO 2015

WEATHER ITEM   OBSERVED TIME   RECORD YEAR NORMAL DEPARTURE LAST
                VALUE   (LST)  VALUE       VALUE  FROM      YEAR
                                                  NORMAL
..................................................................
TEMPERATURE (F)
 YESTERDAY
  MAXIMUM         76    407 PM  85    1977  68      8       76
  MINIMUM         54    650 AM  29    2012  44     10       56
  AVERAGE         65                        56      9

PRECIPITATION (IN)
  YESTERDAY        0.00          1.56 1966   0.14  -0.14     0.00
  MONTH TO DATE    1.98                      1.63   0.35     2.66
  SINCE MAR 1     10.77                      6.03   4.74     4.97
  SINCE JAN 1     17.29                     12.91   4.38     8.11

DEGREE DAYS
 HEATING
  YESTERDAY        0                        10    -10        0
  MONTH TO DATE   72                       138    -66       94
  SINCE MAR 1    678                       697    -19      812
  SINCE JUL 1   4456                      4194    262     4737

 COOLING
  YESTERDAY        0                         1     -1        1
  MONTH TO DATE   21                         6     15        5
  SINCE MAR 1     21                        10     11        5
  SINCE JAN 1     21                        10     11        5
..................................................................

WIND (MPH)
  HIGHEST WIND SPEED    15   HIGHEST WIND DIRECTION    SE (150)
  HIGHEST GUST SPEED    19   HIGHEST GUST DIRECTION     S (180)
  AVERAGE WIND SPEED     7.4

SKY COVER
  AVERAGE SKY COVER 0.1

WEATHER CONDITIONS
 THE FOLLOWING WEATHER WAS RECORDED YESTERDAY.
  NO SIGNIFICANT WEATHER WAS OBSERVED.

RELATIVE HUMIDITY (PERCENT)
 HIGHEST    67
 LOWEST     33
 AVERAGE    50
..........................................................

THE CAPE GIRARDEAU MO CLIMATE NORMALS FOR TODAY
                         NORMAL    RECORD    YEAR
 MAXIMUM TEMPERATURE (F)   68        86      1977
 MINIMUM TEMPERATURE (F)   45        33      2013
                                             1973

SUNRISE AND SUNSET
APRIL 13 2015.........SUNRISE   627 AM CDT   SUNSET   731 PM CDT
APRIL 14 2015.........SUNRISE   626 AM CDT   SUNSET   732 PM CDT

-  INDICATES NEGATIVE NUMBERS.
R  INDICATES RECORD WAS SET OR TIED.
MM INDICATES DATA IS MISSING.
T  INDICATES TRACE AMOUNT.

$$
