000
CDUS43 KPAH 110630
CLICGI


CLIMATE REPORT
NATIONAL WEATHER SERVICE PADUCAH KY
127 AM CDT SAT APR 11 2015

...................................

...THE CAPE GIRARDEAU MO CLIMATE SUMMARY FOR APRIL 10 2015...

CLIMATE NORMAL PERIOD 1981 TO 2010
CLIMATE RECORD PERIOD 1960 TO 2015

WEATHER ITEM   OBSERVED TIME   RECORD YEAR NORMAL DEPARTURE LAST
                VALUE   (LST)  VALUE       VALUE  FROM      YEAR
                                                  NORMAL
..................................................................
TEMPERATURE (F)
 YESTERDAY
  MAXIMUM         69    325 PM  86    1995  67      2       76
  MINIMUM         47   1145 PM  26    1966  44      3       51
  AVERAGE         58                        55      3

PRECIPITATION (IN)
  YESTERDAY        0.00          1.78 1978   0.14  -0.14     0.00
  MONTH TO DATE    1.98                      1.36   0.62     2.66
  SINCE MAR 1     10.77                      5.76   5.01     4.97
  SINCE JAN 1     17.29                     12.64   4.65     8.11

DEGREE DAYS
 HEATING
  YESTERDAY        7                        10     -3        1
  MONTH TO DATE   65                       118    -53       91
  SINCE MAR 1    671                       677     -6      809
  SINCE JUL 1   4449                      4174    275     4734

 COOLING
  YESTERDAY        0                         1     -1        0
  MONTH TO DATE   21                         4     17        4
  SINCE MAR 1     21                         8     13        4
  SINCE JAN 1     21                         8     13        4
..................................................................

WIND (MPH)
  HIGHEST WIND SPEED    23   HIGHEST WIND DIRECTION    NW (300)
  HIGHEST GUST SPEED    30   HIGHEST GUST DIRECTION    NW (320)
  AVERAGE WIND SPEED     7.7

SKY COVER
  AVERAGE SKY COVER 0.0

WEATHER CONDITIONS
 THE FOLLOWING WEATHER WAS RECORDED YESTERDAY.
  NO SIGNIFICANT WEATHER WAS OBSERVED.

RELATIVE HUMIDITY (PERCENT)
 HIGHEST    93
 LOWEST     34
 AVERAGE    64
..........................................................

THE CAPE GIRARDEAU MO CLIMATE NORMALS FOR TODAY
                         NORMAL    RECORD    YEAR
 MAXIMUM TEMPERATURE (F)   67        85      1977
 MINIMUM TEMPERATURE (F)   44        26      1989

SUNRISE AND SUNSET
APRIL 11 2015.........SUNRISE   630 AM CDT   SUNSET   730 PM CDT
APRIL 12 2015.........SUNRISE   628 AM CDT   SUNSET   730 PM CDT

-  INDICATES NEGATIVE NUMBERS.
R  INDICATES RECORD WAS SET OR TIED.
MM INDICATES DATA IS MISSING.
T  INDICATES TRACE AMOUNT.

$$
