000
CDUS43 KPAH 120630
CLICGI


CLIMATE REPORT
NATIONAL WEATHER SERVICE PADUCAH KY
127 AM CDT SUN APR 12 2015

...................................

...THE CAPE GIRARDEAU MO CLIMATE SUMMARY FOR APRIL 11 2015...

CLIMATE NORMAL PERIOD 1981 TO 2010
CLIMATE RECORD PERIOD 1960 TO 2015

WEATHER ITEM   OBSERVED TIME   RECORD YEAR NORMAL DEPARTURE LAST
                VALUE   (LST)  VALUE       VALUE  FROM      YEAR
                                                  NORMAL
..................................................................
TEMPERATURE (F)
 YESTERDAY
  MAXIMUM         70    224 PM  85    1977  67      3       72
  MINIMUM         45    554 AM  26    1989  44      1       52
  AVERAGE         58                        56      2

PRECIPITATION (IN)
  YESTERDAY        0.00          1.56 1979   0.13  -0.13      T
  MONTH TO DATE    1.98                      1.49   0.49     2.66
  SINCE MAR 1     10.77                      5.89   4.88     4.97
  SINCE JAN 1     17.29                     12.77   4.52     8.11

DEGREE DAYS
 HEATING
  YESTERDAY        7                        10     -3        3
  MONTH TO DATE   72                       128    -56       94
  SINCE MAR 1    678                       687     -9      812
  SINCE JUL 1   4456                      4184    272     4737

 COOLING
  YESTERDAY        0                         1     -1        0
  MONTH TO DATE   21                         5     16        4
  SINCE MAR 1     21                         9     12        4
  SINCE JAN 1     21                         9     12        4
..................................................................

WIND (MPH)
  HIGHEST WIND SPEED    13   HIGHEST WIND DIRECTION     N (10)
  HIGHEST GUST SPEED    16   HIGHEST GUST DIRECTION     N (10)
  AVERAGE WIND SPEED     4.0

SKY COVER
  AVERAGE SKY COVER 0.0

WEATHER CONDITIONS
 THE FOLLOWING WEATHER WAS RECORDED YESTERDAY.
  NO SIGNIFICANT WEATHER WAS OBSERVED.

RELATIVE HUMIDITY (PERCENT)
 HIGHEST    93
 LOWEST     31
 AVERAGE    62
..........................................................

THE CAPE GIRARDEAU MO CLIMATE NORMALS FOR TODAY
                         NORMAL    RECORD    YEAR
 MAXIMUM TEMPERATURE (F)   68        85      1977
 MINIMUM TEMPERATURE (F)   44        29      2012

SUNRISE AND SUNSET
APRIL 12 2015.........SUNRISE   628 AM CDT   SUNSET   730 PM CDT
APRIL 13 2015.........SUNRISE   627 AM CDT   SUNSET   731 PM CDT

-  INDICATES NEGATIVE NUMBERS.
R  INDICATES RECORD WAS SET OR TIED.
MM INDICATES DATA IS MISSING.
T  INDICATES TRACE AMOUNT.

$$
