000
CDUS43 KPAH 100631
CLICGI


CLIMATE REPORT
NATIONAL WEATHER SERVICE PADUCAH KY
128 AM CDT FRI APR 10 2015

...................................

...THE CAPE GIRARDEAU MO CLIMATE SUMMARY FOR APRIL 9 2015...

CLIMATE NORMAL PERIOD 1981 TO 2010
CLIMATE RECORD PERIOD 1960 TO 2015

WEATHER ITEM   OBSERVED TIME   RECORD YEAR NORMAL DEPARTURE LAST
                VALUE   (LST)  VALUE       VALUE  FROM      YEAR
                                                  NORMAL
..................................................................
TEMPERATURE (F)
 YESTERDAY
  MAXIMUM         80    424 PM  86    2011  67     13       67
  MINIMUM         62   1159 PM  22    2007  43     19       38
  AVERAGE         71                        55     16

PRECIPITATION (IN)
  YESTERDAY        0.70          1.76 1969   0.14   0.56     0.00
  MONTH TO DATE    1.98                      1.22   0.76     2.66
  SINCE MAR 1     10.77                      5.62   5.15     4.97
  SINCE JAN 1     17.29                     12.50   4.79     8.11

DEGREE DAYS
 HEATING
  YESTERDAY        0                        11    -11       12
  MONTH TO DATE   58                       108    -50       90
  SINCE MAR 1    664                       667     -3      808
  SINCE JUL 1   4442                      4164    278     4733

 COOLING
  YESTERDAY        6                         1      5        0
  MONTH TO DATE   21                         3     18        4
  SINCE MAR 1     21                         7     14        4
  SINCE JAN 1     21                         7     14        4
..................................................................

WIND (MPH)
  HIGHEST WIND SPEED    31   HIGHEST WIND DIRECTION     S (200)
  HIGHEST GUST SPEED    40   HIGHEST GUST DIRECTION     S (190)
  AVERAGE WIND SPEED    18.7

SKY COVER
  AVERAGE SKY COVER 0.6

WEATHER CONDITIONS
 THE FOLLOWING WEATHER WAS RECORDED YESTERDAY.
  THUNDERSTORM
  HEAVY RAIN
  RAIN
  LIGHT RAIN
  FOG

RELATIVE HUMIDITY (PERCENT)
 HIGHEST    90
 LOWEST     62
 AVERAGE    76
..........................................................

THE CAPE GIRARDEAU MO CLIMATE NORMALS FOR TODAY
                         NORMAL    RECORD    YEAR
 MAXIMUM TEMPERATURE (F)   67        86      1995
 MINIMUM TEMPERATURE (F)   44        26      1966

SUNRISE AND SUNSET
APRIL 10 2015.........SUNRISE   631 AM CDT   SUNSET   729 PM CDT
APRIL 11 2015.........SUNRISE   630 AM CDT   SUNSET   730 PM CDT

-  INDICATES NEGATIVE NUMBERS.
R  INDICATES RECORD WAS SET OR TIED.
MM INDICATES DATA IS MISSING.
T  INDICATES TRACE AMOUNT.

$$
