000
CDUS43 KPAH 232144
CLICGI


CLIMATE REPORT
NATIONAL WEATHER SERVICE PADUCAH KY
442 PM CDT THU APR 23 2015


...................................

...THE CAPE GIRARDEAU MO CLIMATE SUMMARY FOR APRIL 23 2015...
VALID TODAY AS OF 0400 PM LOCAL TIME.

CLIMATE NORMAL PERIOD 1981 TO 2010
CLIMATE RECORD PERIOD 1960 TO 2015


WEATHER ITEM   OBSERVED TIME   RECORD YEAR NORMAL DEPARTURE LAST
                VALUE   (LST)  VALUE       VALUE  FROM      YEAR
                                                  NORMAL
..................................................................
TEMPERATURE (F)
 TODAY
  MAXIMUM         68    248 PM  90    1980  71     -3       70
  MINIMUM         39    541 AM  34    2012  48     -9       40
  AVERAGE                                   60

PRECIPITATION (IN)
  TODAY            0.00          3.10 2011   0.15  -0.15     0.00
  MONTH TO DATE    4.15                      3.22   0.93     3.81
  SINCE MAR 1     12.94                      7.62   5.32     6.12
  SINCE JAN 1     19.46                     14.50   4.96     9.26

DEGREE DAYS
 HEATING
  TODAY           11                         7      4       10
  MONTH TO DATE  115                       226   -111      197
  SINCE MAR 1    721                       785    -64      915
  SINCE JUL 1   4499                      4282    217     4840

 COOLING
  TODAY            0                         1     -1        0
  MONTH TO DATE   25                        17      8        7
  SINCE MAR 1     25                        21      4        7
  SINCE JAN 1     25                        21      4        7
..................................................................


WIND (MPH)
  HIGHEST WIND SPEED    13   HIGHEST WIND DIRECTION     N (350)
  HIGHEST GUST SPEED    18   HIGHEST GUST DIRECTION     N (350)
  AVERAGE WIND SPEED


SKY COVER
  AVERAGE SKY COVER 0.0


WEATHER CONDITIONS
 THE FOLLOWING WEATHER WAS RECORDED TODAY.
  NO SIGNIFICANT WEATHER WAS OBSERVED.


RELATIVE HUMIDITY (PERCENT)
 HIGHEST    86
 LOWEST     26
 AVERAGE

..........................................................


THE CAPE GIRARDEAU MO CLIMATE NORMALS FOR TOMORROW
                         NORMAL
 MAXIMUM TEMPERATURE (F)   72
 MINIMUM TEMPERATURE (F)   49


SUNRISE AND SUNSET
APRIL 23 2015.........SUNRISE   614 AM CDT   SUNSET   740 PM CDT
APRIL 24 2015.........SUNRISE   612 AM CDT   SUNSET   741 PM CDT


-  INDICATES NEGATIVE NUMBERS.
R  INDICATES RECORD WAS SET OR TIED.
MM INDICATES DATA IS MISSING.
T  INDICATES TRACE AMOUNT.




$$
