000
CDUS43 KPAH 230635
CLICGI


CLIMATE REPORT
NATIONAL WEATHER SERVICE PADUCAH KY
132 AM CDT THU APR 23 2015


...................................

...THE CAPE GIRARDEAU MO CLIMATE SUMMARY FOR APRIL 22 2015...

CLIMATE NORMAL PERIOD 1981 TO 2010
CLIMATE RECORD PERIOD 1960 TO 2015


WEATHER ITEM   OBSERVED TIME   RECORD YEAR NORMAL DEPARTURE LAST
                VALUE   (LST)  VALUE       VALUE  FROM      YEAR
                                                  NORMAL
..................................................................
TEMPERATURE (F)
 YESTERDAY
  MAXIMUM         65    437 PM  90    1963  71     -6       72
  MINIMUM         47   1047 PM  31    2000  48     -1       47
  AVERAGE         56                        59     -3

PRECIPITATION (IN)
  YESTERDAY        0.00          2.20 1973   0.16  -0.16     0.01
  MONTH TO DATE    4.15                      3.07   1.08     3.81
  SINCE MAR 1     12.94                      7.47   5.47     6.12
  SINCE JAN 1     19.46                     14.35   5.11     9.26

DEGREE DAYS
 HEATING
  YESTERDAY        9                         7      2        5
  MONTH TO DATE  104                       219   -115      187
  SINCE MAR 1    710                       778    -68      905
  SINCE JUL 1   4488                      4275    213     4830

 COOLING
  YESTERDAY        0                         1     -1        0
  MONTH TO DATE   25                        16      9        7
  SINCE MAR 1     25                        20      5        7
  SINCE JAN 1     25                        20      5        7
..................................................................


WIND (MPH)
  HIGHEST WIND SPEED    18   HIGHEST WIND DIRECTION     N (340)
  HIGHEST GUST SPEED    23   HIGHEST GUST DIRECTION    NW (330)
  AVERAGE WIND SPEED     9.0


SKY COVER
  AVERAGE SKY COVER 0.2


WEATHER CONDITIONS
 THE FOLLOWING WEATHER WAS RECORDED YESTERDAY.
  NO SIGNIFICANT WEATHER WAS OBSERVED.


RELATIVE HUMIDITY (PERCENT)
 HIGHEST    89
 LOWEST     30
 AVERAGE    60

..........................................................


THE CAPE GIRARDEAU MO CLIMATE NORMALS FOR TODAY
                         NORMAL    RECORD    YEAR
 MAXIMUM TEMPERATURE (F)   71        90      1980
 MINIMUM TEMPERATURE (F)   48        34      2012


SUNRISE AND SUNSET
APRIL 23 2015.........SUNRISE   614 AM CDT   SUNSET   740 PM CDT
APRIL 24 2015.........SUNRISE   612 AM CDT   SUNSET   741 PM CDT


-  INDICATES NEGATIVE NUMBERS.
R  INDICATES RECORD WAS SET OR TIED.
MM INDICATES DATA IS MISSING.
T  INDICATES TRACE AMOUNT.




$$
