000
CDUS43 KPAH 250636
CLICGI


CLIMATE REPORT
NATIONAL WEATHER SERVICE PADUCAH KY
133 AM CDT SAT APR 25 2015


...................................

...THE CAPE GIRARDEAU MO CLIMATE SUMMARY FOR APRIL 24 2015...

CLIMATE NORMAL PERIOD 1981 TO 2010
CLIMATE RECORD PERIOD 1960 TO 2015


WEATHER ITEM   OBSERVED TIME   RECORD YEAR NORMAL DEPARTURE LAST
                VALUE   (LST)  VALUE       VALUE  FROM      YEAR
                                                  NORMAL
..................................................................
TEMPERATURE (F)
 YESTERDAY
  MAXIMUM         61   1238 PM  85    1965  72    -11       80
  MINIMUM         44    330 AM  32    2005  49     -5       51
  AVERAGE         53                        60     -7

PRECIPITATION (IN)
  YESTERDAY        0.02          3.60 2011   0.16  -0.14     0.52
  MONTH TO DATE    4.17                      3.38   0.79     4.33
  SINCE MAR 1     12.96                      7.78   5.18     6.64
  SINCE JAN 1     19.48                     14.66   4.82     9.78

DEGREE DAYS
 HEATING
  YESTERDAY       12                         6      6        0
  MONTH TO DATE  127                       232   -105      197
  SINCE MAR 1    733                       791    -58      915
  SINCE JUL 1   4511                      4288    223     4840

 COOLING
  YESTERDAY        0                         1     -1        1
  MONTH TO DATE   25                        18      7        8
  SINCE MAR 1     25                        22      3        8
  SINCE JAN 1     25                        22      3        8
..................................................................


WIND (MPH)
  HIGHEST WIND SPEED    16   HIGHEST WIND DIRECTION    SE (150)
  HIGHEST GUST SPEED    23   HIGHEST GUST DIRECTION    SE (150)
  AVERAGE WIND SPEED     6.1


SKY COVER
  AVERAGE SKY COVER 0.7


WEATHER CONDITIONS
 THE FOLLOWING WEATHER WAS RECORDED YESTERDAY.
  LIGHT RAIN
  FOG


RELATIVE HUMIDITY (PERCENT)
 HIGHEST    92
 LOWEST     42
 AVERAGE    67

..........................................................


THE CAPE GIRARDEAU MO CLIMATE NORMALS FOR TODAY
                         NORMAL    RECORD    YEAR
 MAXIMUM TEMPERATURE (F)   72        88      1989
 MINIMUM TEMPERATURE (F)   49        33      2013


SUNRISE AND SUNSET
APRIL 25 2015.........SUNRISE   611 AM CDT   SUNSET   742 PM CDT
APRIL 26 2015.........SUNRISE   610 AM CDT   SUNSET   743 PM CDT


-  INDICATES NEGATIVE NUMBERS.
R  INDICATES RECORD WAS SET OR TIED.
MM INDICATES DATA IS MISSING.
T  INDICATES TRACE AMOUNT.




$$
