000
CDUS43 KPAH 162149
CLICGI


CLIMATE REPORT
NATIONAL WEATHER SERVICE PADUCAH KY
447 PM CDT THU APR 16 2015


...................................

...THE CAPE GIRARDEAU MO CLIMATE SUMMARY FOR APRIL 16 2015...
VALID TODAY AS OF 0400 PM LOCAL TIME.

CLIMATE NORMAL PERIOD 1981 TO 2010
CLIMATE RECORD PERIOD 1960 TO 2015


WEATHER ITEM   OBSERVED TIME   RECORD YEAR NORMAL DEPARTURE LAST
                VALUE   (LST)  VALUE       VALUE  FROM      YEAR
                                                  NORMAL
..................................................................
TEMPERATURE (F)
 TODAY
  MAXIMUM         74    259 PM  87    1977  69      5       56
  MINIMUM         59    144 AM  28    1962  46     13       32
  AVERAGE                                   57

PRECIPITATION (IN)
  TODAY            0.00          1.58 1982   0.15  -0.15     0.00
  MONTH TO DATE    2.53                      2.17   0.36     3.71
  SINCE MAR 1     11.32                      6.57   4.75     6.02
  SINCE JAN 1     17.84                     13.45   4.39     9.16

DEGREE DAYS
 HEATING
  TODAY            0                         9     -9       21
  MONTH TO DATE   77                       174    -97      154
  SINCE MAR 1    683                       733    -50      872
  SINCE JUL 1   4461                      4230    231     4797

 COOLING
  TODAY            2                         1      1        0
  MONTH TO DATE   23                        10     13        7
  SINCE MAR 1     23                        14      9        7
  SINCE JAN 1     23                        14      9        7
..................................................................


WIND (MPH)
  HIGHEST WIND SPEED     9   HIGHEST WIND DIRECTION     W (290)
  HIGHEST GUST SPEED    12   HIGHEST GUST DIRECTION     E (100)
  AVERAGE WIND SPEED


SKY COVER
  AVERAGE SKY COVER 0.9


WEATHER CONDITIONS
 THE FOLLOWING WEATHER WAS RECORDED TODAY.
  FOG


RELATIVE HUMIDITY (PERCENT)
 HIGHEST   100
 LOWEST     64
 AVERAGE

..........................................................


THE CAPE GIRARDEAU MO CLIMATE NORMALS FOR TOMORROW
                         NORMAL
 MAXIMUM TEMPERATURE (F)   69
 MINIMUM TEMPERATURE (F)   46


SUNRISE AND SUNSET
APRIL 16 2015.........SUNRISE   623 AM CDT   SUNSET   734 PM CDT
APRIL 17 2015.........SUNRISE   621 AM CDT   SUNSET   735 PM CDT


-  INDICATES NEGATIVE NUMBERS.
R  INDICATES RECORD WAS SET OR TIED.
MM INDICATES DATA IS MISSING.
T  INDICATES TRACE AMOUNT.




$$
