000
CDUS43 KPAH 010629
CLICGI


CLIMATE REPORT
NATIONAL WEATHER SERVICE PADUCAH KY
127 AM CDT FRI MAY 1 2015


...................................

...THE CAPE GIRARDEAU MO CLIMATE SUMMARY FOR APRIL 30 2015...

CLIMATE NORMAL PERIOD 1981 TO 2010
CLIMATE RECORD PERIOD 1960 TO 2015


WEATHER ITEM   OBSERVED TIME   RECORD YEAR NORMAL DEPARTURE LAST
                VALUE   (LST)  VALUE       VALUE  FROM      YEAR
                                                  NORMAL
..................................................................
TEMPERATURE (F)
 YESTERDAY
  MAXIMUM         72    215 PM  88    2007  73     -1       59
  MINIMUM         42    345 AM  36    1964  51     -9       45
  AVERAGE         57                        62     -5

PRECIPITATION (IN)
  YESTERDAY        0.00          1.49 2011   0.17  -0.17     0.00
  MONTH TO DATE    4.17                      4.36  -0.19     8.01
  SINCE MAR 1     12.96                      8.76   4.20    10.32
  SINCE JAN 1     19.48                     15.64   3.84    13.46

DEGREE DAYS
 HEATING
  YESTERDAY        8                         5      3       13
  MONTH TO DATE  171                       264    -93      220
  SINCE MAR 1    777                       821    -44      938
  SINCE JUL 1   4555                      4318    237     4863

 COOLING
  YESTERDAY        0                         2     -2        0
  MONTH TO DATE   28                        27      1       11
  SINCE MAR 1     28                        31     -3       11
  SINCE JAN 1     28                        31     -3       11
..................................................................


WIND (MPH)
  HIGHEST WIND SPEED    23   HIGHEST WIND DIRECTION     N (340)
  HIGHEST GUST SPEED    32   HIGHEST GUST DIRECTION     N (350)
  AVERAGE WIND SPEED     8.8


SKY COVER
  AVERAGE SKY COVER 0.1


WEATHER CONDITIONS
 THE FOLLOWING WEATHER WAS RECORDED YESTERDAY.
  NO SIGNIFICANT WEATHER WAS OBSERVED.


RELATIVE HUMIDITY (PERCENT)
 HIGHEST   100
 LOWEST     28
 AVERAGE    64

..........................................................


THE CAPE GIRARDEAU MO CLIMATE NORMALS FOR TODAY
                         NORMAL    RECORD    YEAR
 MAXIMUM TEMPERATURE (F)   74        87      2012
 MINIMUM TEMPERATURE (F)   51        32      1963


SUNRISE AND SUNSET
MAY  1 2015...........SUNRISE   604 AM CDT   SUNSET   748 PM CDT
MAY  2 2015...........SUNRISE   603 AM CDT   SUNSET   748 PM CDT


-  INDICATES NEGATIVE NUMBERS.
R  INDICATES RECORD WAS SET OR TIED.
MM INDICATES DATA IS MISSING.
T  INDICATES TRACE AMOUNT.




$$
