000
CDUS43 KPAH 030628
CLICGI


CLIMATE REPORT
NATIONAL WEATHER SERVICE PADUCAH KY
127 AM CDT SUN MAY 3 2015

...................................

...THE CAPE GIRARDEAU MO CLIMATE SUMMARY FOR MAY 2 2015...

CLIMATE NORMAL PERIOD 1981 TO 2010
CLIMATE RECORD PERIOD 1960 TO 2015

WEATHER ITEM   OBSERVED TIME   RECORD YEAR NORMAL DEPARTURE LAST
                VALUE   (LST)  VALUE       VALUE  FROM      YEAR
                                                  NORMAL
..................................................................
TEMPERATURE (F)
 YESTERDAY
  MAXIMUM         76    450 PM  89    2012  74      2       66
  MINIMUM         42    357 AM  33    1961  51     -9       39
  AVERAGE         59                        63     -4

PRECIPITATION (IN)
  YESTERDAY        0.00          2.06 2008   0.19  -0.19     0.00
  MONTH TO DATE    0.00                      0.38  -0.38     0.00
  SINCE MAR 1     12.96                      9.14   3.82    10.32
  SINCE JAN 1     19.48                     16.02   3.46    13.46

DEGREE DAYS
 HEATING
  YESTERDAY        6                         4      2       12
  MONTH TO DATE   17                         8      9       25
  SINCE MAR 1    794                       829    -35      963
  SINCE JUL 1   4572                      4326    246     4888

 COOLING
  YESTERDAY        0                         2     -2        0
  MONTH TO DATE    0                         4     -4        0
  SINCE MAR 1     28                        35     -7       11
  SINCE JAN 1     28                        35     -7       11
..................................................................

WIND (MPH)
  HIGHEST WIND SPEED    13   HIGHEST WIND DIRECTION     S (200)
  HIGHEST GUST SPEED    22   HIGHEST GUST DIRECTION    SW (210)
  AVERAGE WIND SPEED     4.1

SKY COVER
  AVERAGE SKY COVER 0.1

WEATHER CONDITIONS
 THE FOLLOWING WEATHER WAS RECORDED YESTERDAY.
  NO SIGNIFICANT WEATHER WAS OBSERVED.

RELATIVE HUMIDITY (PERCENT)
 HIGHEST   100
 LOWEST     27
 AVERAGE    64
..........................................................

THE CAPE GIRARDEAU MO CLIMATE NORMALS FOR TODAY
                         NORMAL    RECORD    YEAR
 MAXIMUM TEMPERATURE (F)   74        85      1965
 MINIMUM TEMPERATURE (F)   52        34      1976

SUNRISE AND SUNSET
MAY  3 2015...........SUNRISE   602 AM CDT   SUNSET   749 PM CDT
MAY  4 2015...........SUNRISE   601 AM CDT   SUNSET   750 PM CDT

-  INDICATES NEGATIVE NUMBERS.
R  INDICATES RECORD WAS SET OR TIED.
MM INDICATES DATA IS MISSING.
T  INDICATES TRACE AMOUNT.

$$
