000
CDUS43 KPAH 020628
CLICGI


CLIMATE REPORT
NATIONAL WEATHER SERVICE PADUCAH KY
126 AM CDT SAT MAY 2 2015

...................................

...THE CAPE GIRARDEAU MO CLIMATE SUMMARY FOR MAY 1 2015...

CLIMATE NORMAL PERIOD 1981 TO 2010
CLIMATE RECORD PERIOD 1960 TO 2015

WEATHER ITEM   OBSERVED TIME   RECORD YEAR NORMAL DEPARTURE LAST
                VALUE   (LST)  VALUE       VALUE  FROM      YEAR
                                                  NORMAL
..................................................................
TEMPERATURE (F)
 YESTERDAY
  MAXIMUM         71    506 PM  87    2012  74     -3       62
  MINIMUM         37    532 AM  32    1963  51    -14       42
  AVERAGE         54                        62     -8

PRECIPITATION (IN)
  YESTERDAY        0.00          2.93 1973   0.19  -0.19     0.00
  MONTH TO DATE    0.00                      0.19  -0.19     0.00
  SINCE MAR 1     12.96                      8.95   4.01    10.32
  SINCE JAN 1     19.48                     15.83   3.65    13.46

DEGREE DAYS
 HEATING
  YESTERDAY       11                         4      7       13
  MONTH TO DATE   11                         4      7       13
  SINCE MAR 1    788                       825    -37      951
  SINCE JUL 1   4566                      4322    244     4876

 COOLING
  YESTERDAY        0                         2     -2        0
  MONTH TO DATE    0                         2     -2        0
  SINCE MAR 1     28                        33     -5       11
  SINCE JAN 1     28                        33     -5       11
..................................................................

WIND (MPH)
  HIGHEST WIND SPEED    10   HIGHEST WIND DIRECTION    NE (40)
  HIGHEST GUST SPEED    16   HIGHEST GUST DIRECTION    NE (30)
  AVERAGE WIND SPEED     2.6

SKY COVER
  AVERAGE SKY COVER 0.0

WEATHER CONDITIONS
 THE FOLLOWING WEATHER WAS RECORDED YESTERDAY.
  NO SIGNIFICANT WEATHER WAS OBSERVED.

RELATIVE HUMIDITY (PERCENT)
 HIGHEST    92
 LOWEST     31
 AVERAGE    62
..........................................................

THE CAPE GIRARDEAU MO CLIMATE NORMALS FOR TODAY
                         NORMAL    RECORD    YEAR
 MAXIMUM TEMPERATURE (F)   74        89      2012
 MINIMUM TEMPERATURE (F)   51        33      1961

SUNRISE AND SUNSET
MAY  2 2015...........SUNRISE   603 AM CDT   SUNSET   748 PM CDT
MAY  3 2015...........SUNRISE   602 AM CDT   SUNSET   749 PM CDT

-  INDICATES NEGATIVE NUMBERS.
R  INDICATES RECORD WAS SET OR TIED.
MM INDICATES DATA IS MISSING.
T  INDICATES TRACE AMOUNT.

$$
