000
CDUS43 KPAH 130629
CLIEVV


CLIMATE REPORT
NATIONAL WEATHER SERVICE PADUCAH KY
126 AM CDT MON APR 13 2015

...................................

...THE EVANSVILLE IN CLIMATE SUMMARY FOR APRIL 12 2015...

CLIMATE NORMAL PERIOD 1981 TO 2010
CLIMATE RECORD PERIOD 1896 TO 2015

WEATHER ITEM   OBSERVED TIME   RECORD YEAR NORMAL DEPARTURE LAST
                VALUE   (LST)  VALUE       VALUE  FROM      YEAR
                                                  NORMAL
..................................................................
TEMPERATURE (F)
 YESTERDAY
  MAXIMUM         76    500 PM  86    1930  67      9       80
  MINIMUM         45    131 AM  27    1940  43      2       50
                                      1939
  AVERAGE         61                        55      6       65

PRECIPITATION (IN)
  YESTERDAY        0.00          2.21 1948   0.13  -0.13     0.00
  MONTH TO DATE    3.70                      1.61   2.09     6.99
  SINCE MAR 1     10.55                      5.85   4.70     9.84
  SINCE JAN 1     16.08                     12.12   3.96    13.79

SNOWFALL (IN)
  YESTERDAY        0.0           T    1957   0.0    0.0      0.0
  MONTH TO DATE    0.0                       0.1   -0.1      0.0
  SINCE MAR 1      8.5                       1.1    7.4      2.6
  SINCE JUL 1     18.5                      11.8    6.7     12.6
  SNOW DEPTH       0

DEGREE DAYS
 HEATING
  YESTERDAY        4                        11     -7        0
  MONTH TO DATE   75                       148    -73      100
  SINCE MAR 1    694                       740    -46      813
  SINCE JUL 1   4530                      4314    216     4775

 COOLING
  YESTERDAY        0                         1     -1        0
  MONTH TO DATE   17                         4     13        0
  SINCE MAR 1     17                         7     10        0
  SINCE JAN 1     17                         7     10        0
..................................................................

WIND (MPH)
  HIGHEST WIND SPEED    13   HIGHEST WIND DIRECTION    SE (140)
  HIGHEST GUST SPEED    16   HIGHEST GUST DIRECTION    SE (150)
  AVERAGE WIND SPEED     4.6

SKY COVER
  AVERAGE SKY COVER 0.0

WEATHER CONDITIONS
 THE FOLLOWING WEATHER WAS RECORDED YESTERDAY.
  NO SIGNIFICANT WEATHER WAS OBSERVED.

RELATIVE HUMIDITY (PERCENT)
 HIGHEST    76
 LOWEST     23
 AVERAGE    50
..........................................................

THE EVANSVILLE IN CLIMATE NORMALS FOR TODAY
                         NORMAL    RECORD    YEAR
 MAXIMUM TEMPERATURE (F)   67        86      1977
 MINIMUM TEMPERATURE (F)   44        26      1957
                                             1950

SUNRISE AND SUNSET
APRIL 13 2015.........SUNRISE   618 AM CDT   SUNSET   724 PM CDT
APRIL 14 2015.........SUNRISE   616 AM CDT   SUNSET   725 PM CDT

-  INDICATES NEGATIVE NUMBERS.
R  INDICATES RECORD WAS SET OR TIED.
MM INDICATES DATA IS MISSING.
T  INDICATES TRACE AMOUNT.

$$
