000
CDUS43 KPAH 230635
CLIEVV


CLIMATE REPORT
NATIONAL WEATHER SERVICE PADUCAH KY
132 AM CDT THU APR 23 2015


...................................

...THE EVANSVILLE IN CLIMATE SUMMARY FOR APRIL 22 2015...

CLIMATE NORMAL PERIOD 1981 TO 2010
CLIMATE RECORD PERIOD 1896 TO 2015


WEATHER ITEM   OBSERVED TIME   RECORD YEAR NORMAL DEPARTURE LAST
                VALUE   (LST)  VALUE       VALUE  FROM      YEAR
                                                  NORMAL
..................................................................
TEMPERATURE (F)
 YESTERDAY
  MAXIMUM         58    451 PM  87    1965  70    -12       70
  MINIMUM         39   1159 PM  32    1978  47     -8       54
                                      1936
  AVERAGE         49                        58     -9       62

PRECIPITATION (IN)
  YESTERDAY        T             0.89 1977   0.16  -0.16     0.00
  MONTH TO DATE    6.26                      3.09   3.17     8.05
  SINCE MAR 1     13.11                      7.33   5.78    10.90
  SINCE JAN 1     18.64                     13.60   5.04    14.85

SNOWFALL (IN)
  YESTERDAY        0.0           0.0  2002   0.0    0.0      0.0
                                      2001
  MONTH TO DATE    0.0                       0.1   -0.1      0.0
  SINCE MAR 1      8.5                       1.1    7.4      2.6
  SINCE JUL 1     18.5                      11.8    6.7     12.6
  SNOW DEPTH       0

DEGREE DAYS
 HEATING
  YESTERDAY       16                         8      8        3
  MONTH TO DATE  120                       238   -118      186
  SINCE MAR 1    739                       830    -91      899
  SINCE JUL 1   4575                      4404    171     4861

 COOLING
  YESTERDAY        0                         1     -1        0
  MONTH TO DATE   28                        14     14        5
  SINCE MAR 1     28                        17     11        5
  SINCE JAN 1     28                        17     11        5
..................................................................


WIND (MPH)
  HIGHEST WIND SPEED    20   HIGHEST WIND DIRECTION     W (270)
  HIGHEST GUST SPEED    28   HIGHEST GUST DIRECTION     W (290)
  AVERAGE WIND SPEED     9.9


SKY COVER
  AVERAGE SKY COVER 0.2


WEATHER CONDITIONS
 THE FOLLOWING WEATHER WAS RECORDED YESTERDAY.
  LIGHT RAIN


RELATIVE HUMIDITY (PERCENT)
 HIGHEST    77
 LOWEST     28
 AVERAGE    53

..........................................................


THE EVANSVILLE IN CLIMATE NORMALS FOR TODAY
                         NORMAL    RECORD    YEAR
 MAXIMUM TEMPERATURE (F)   70        89      1925
 MINIMUM TEMPERATURE (F)   47        29      1986


SUNRISE AND SUNSET
APRIL 23 2015.........SUNRISE   604 AM CDT   SUNSET   733 PM CDT
APRIL 24 2015.........SUNRISE   603 AM CDT   SUNSET   734 PM CDT


-  INDICATES NEGATIVE NUMBERS.
R  INDICATES RECORD WAS SET OR TIED.
MM INDICATES DATA IS MISSING.
T  INDICATES TRACE AMOUNT.




$$
