000
CDUS43 KPAH 290629
CLIEVV


CLIMATE REPORT
NATIONAL WEATHER SERVICE PADUCAH KY
127 AM CDT WED APR 29 2015


...................................

...THE EVANSVILLE IN CLIMATE SUMMARY FOR APRIL 28 2015...

CLIMATE NORMAL PERIOD 1981 TO 2010
CLIMATE RECORD PERIOD 1896 TO 2015


WEATHER ITEM   OBSERVED TIME   RECORD YEAR NORMAL DEPARTURE LAST
                VALUE   (LST)  VALUE       VALUE  FROM      YEAR
                                                  NORMAL
..................................................................
TEMPERATURE (F)
 YESTERDAY
  MAXIMUM         67    409 PM  87    1981  72     -5       68
                                      1951
  MINIMUM         43    530 AM  35    1928  49     -6       62
  AVERAGE         55                        60     -5       65

PRECIPITATION (IN)
  YESTERDAY        0.00          6.04 1996   0.16  -0.16     2.16
  MONTH TO DATE    6.62                      4.04   2.58    10.97
  SINCE MAR 1     13.47                      8.28   5.19    13.82
  SINCE JAN 1     19.00                     14.55   4.45    17.77

SNOWFALL (IN)
  YESTERDAY        0.0           0.0  2001   0.0    0.0      0.0
  MONTH TO DATE    0.0                       0.1   -0.1      0.0
  SINCE MAR 1      8.5                       1.1    7.4      2.6
  SINCE JUL 1     18.5                      11.8    6.7     12.6
  SNOW DEPTH       0

DEGREE DAYS
 HEATING
  YESTERDAY       10                         6      4        0
  MONTH TO DATE  182                       277    -95      199
  SINCE MAR 1    801                       869    -68      912
  SINCE JUL 1   4637                      4443    194     4874

 COOLING
  YESTERDAY        0                         1     -1        0
  MONTH TO DATE   28                        20      8       10
  SINCE MAR 1     28                        23      5       10
  SINCE JAN 1     28                        23      5       10
..................................................................


WIND (MPH)
  HIGHEST WIND SPEED    16   HIGHEST WIND DIRECTION     N (10)
  HIGHEST GUST SPEED    22   HIGHEST GUST DIRECTION    NE (50)
  AVERAGE WIND SPEED     7.3


SKY COVER
  AVERAGE SKY COVER 0.0


WEATHER CONDITIONS
 THE FOLLOWING WEATHER WAS RECORDED YESTERDAY.
  NO SIGNIFICANT WEATHER WAS OBSERVED.


RELATIVE HUMIDITY (PERCENT)
 HIGHEST    76
 LOWEST     34
 AVERAGE    55

..........................................................


THE EVANSVILLE IN CLIMATE NORMALS FOR TODAY
                         NORMAL    RECORD    YEAR
 MAXIMUM TEMPERATURE (F)   72        90      1899
 MINIMUM TEMPERATURE (F)   49        35      1988
                                             1976


SUNRISE AND SUNSET
APRIL 29 2015.........SUNRISE   557 AM CDT   SUNSET   739 PM CDT
APRIL 30 2015.........SUNRISE   555 AM CDT   SUNSET   740 PM CDT


-  INDICATES NEGATIVE NUMBERS.
R  INDICATES RECORD WAS SET OR TIED.
MM INDICATES DATA IS MISSING.
T  INDICATES TRACE AMOUNT.




$$
