000
CDUS43 KPAH 190630
CLIEVV


CLIMATE REPORT
NATIONAL WEATHER SERVICE PADUCAH KY
129 AM CDT SUN APR 19 2015


...................................

...THE EVANSVILLE IN CLIMATE SUMMARY FOR APRIL 18 2015...

CLIMATE NORMAL PERIOD 1981 TO 2010
CLIMATE RECORD PERIOD 1896 TO 2015


WEATHER ITEM   OBSERVED TIME   RECORD YEAR NORMAL DEPARTURE LAST
                VALUE   (LST)  VALUE       VALUE  FROM      YEAR
                                                  NORMAL
..................................................................
TEMPERATURE (F)
 YESTERDAY
  MAXIMUM         80    359 PM  87    1971  69     11       73
  MINIMUM         55    508 AM  26    2001  45     10       43
  AVERAGE         68                        57     11       58

PRECIPITATION (IN)
  YESTERDAY        0.00          1.79 2013   0.15  -0.15     0.00
  MONTH TO DATE    4.25                      2.47   1.78     8.03
  SINCE MAR 1     11.10                      6.71   4.39    10.88
  SINCE JAN 1     16.63                     12.98   3.65    14.83

SNOWFALL (IN)
  YESTERDAY        0.0           1.8  1953   0.0    0.0      0.0
  MONTH TO DATE    0.0                       0.1   -0.1      0.0
  SINCE MAR 1      8.5                       1.1    7.4      2.6
  SINCE JUL 1     18.5                      11.8    6.7     12.6
  SNOW DEPTH       0

DEGREE DAYS
 HEATING
  YESTERDAY        0                         9     -9        7
  MONTH TO DATE   82                       205   -123      180
  SINCE MAR 1    701                       797    -96      893
  SINCE JUL 1   4537                      4371    166     4855

 COOLING
  YESTERDAY        3                         1      2        0
  MONTH TO DATE   28                        10     18        5
  SINCE MAR 1     28                        13     15        5
  SINCE JAN 1     28                        13     15        5
..................................................................


WIND (MPH)
  HIGHEST WIND SPEED    14   HIGHEST WIND DIRECTION     E (100)
  HIGHEST GUST SPEED    18   HIGHEST GUST DIRECTION     E (100)
  AVERAGE WIND SPEED     4.0


SKY COVER
  AVERAGE SKY COVER 0.1


WEATHER CONDITIONS
 THE FOLLOWING WEATHER WAS RECORDED YESTERDAY.
  FOG
  HAZE


RELATIVE HUMIDITY (PERCENT)
 HIGHEST    93
 LOWEST     36
 AVERAGE    65

..........................................................


THE EVANSVILLE IN CLIMATE NORMALS FOR TODAY
                         NORMAL    RECORD    YEAR
 MAXIMUM TEMPERATURE (F)   69        86      1971
                                             1915
 MINIMUM TEMPERATURE (F)   46        27      1983


SUNRISE AND SUNSET
APRIL 19 2015.........SUNRISE   610 AM CDT   SUNSET   730 PM CDT
APRIL 20 2015.........SUNRISE   608 AM CDT   SUNSET   731 PM CDT


-  INDICATES NEGATIVE NUMBERS.
R  INDICATES RECORD WAS SET OR TIED.
MM INDICATES DATA IS MISSING.
T  INDICATES TRACE AMOUNT.




$$
