000
CDUS43 KPAH 120630
CLIEVV


CLIMATE REPORT
NATIONAL WEATHER SERVICE PADUCAH KY
127 AM CDT SUN APR 12 2015

...................................

...THE EVANSVILLE IN CLIMATE SUMMARY FOR APRIL 11 2015...

CLIMATE NORMAL PERIOD 1981 TO 2010
CLIMATE RECORD PERIOD 1896 TO 2015

WEATHER ITEM   OBSERVED TIME   RECORD YEAR NORMAL DEPARTURE LAST
                VALUE   (LST)  VALUE       VALUE  FROM      YEAR
                                                  NORMAL
..................................................................
TEMPERATURE (F)
 YESTERDAY
  MAXIMUM         67    406 PM  88    1930  66      1       73
  MINIMUM         42    540 AM  26    1989  43     -1       53
                                      1973
  AVERAGE         55                        55      0       63

PRECIPITATION (IN)
  YESTERDAY        0.00          1.77 1944   0.14  -0.14     0.00
  MONTH TO DATE    3.70                      1.48   2.22     6.99
  SINCE MAR 1     10.55                      5.72   4.83     9.84
  SINCE JAN 1     16.08                     11.99   4.09    13.79

SNOWFALL (IN)
  YESTERDAY        0.0           0.0  2002   0.0    0.0      0.0
                                      2001
  MONTH TO DATE    0.0                       0.1   -0.1      0.0
  SINCE MAR 1      8.5                       1.1    7.4      2.6
  SINCE JUL 1     18.5                      11.8    6.7     12.6
  SNOW DEPTH       0

DEGREE DAYS
 HEATING
  YESTERDAY       10                        11     -1        2
  MONTH TO DATE   71                       137    -66      100
  SINCE MAR 1    690                       729    -39      813
  SINCE JUL 1   4526                      4303    223     4775

 COOLING
  YESTERDAY        0                         1     -1        0
  MONTH TO DATE   17                         3     14        0
  SINCE MAR 1     17                         6     11        0
  SINCE JAN 1     17                         6     11        0
..................................................................

WIND (MPH)
  HIGHEST WIND SPEED    12   HIGHEST WIND DIRECTION     N (10)
  HIGHEST GUST SPEED    15   HIGHEST GUST DIRECTION     N (10)
  AVERAGE WIND SPEED     2.7

SKY COVER
  AVERAGE SKY COVER 0.0

WEATHER CONDITIONS
 THE FOLLOWING WEATHER WAS RECORDED YESTERDAY.
  NO SIGNIFICANT WEATHER WAS OBSERVED.

RELATIVE HUMIDITY (PERCENT)
 HIGHEST    76
 LOWEST     26
 AVERAGE    51
..........................................................

THE EVANSVILLE IN CLIMATE NORMALS FOR TODAY
                         NORMAL    RECORD    YEAR
 MAXIMUM TEMPERATURE (F)   67        86      1930
 MINIMUM TEMPERATURE (F)   43        27      1940
                                             1939

SUNRISE AND SUNSET
APRIL 12 2015.........SUNRISE   619 AM CDT   SUNSET   723 PM CDT
APRIL 13 2015.........SUNRISE   618 AM CDT   SUNSET   724 PM CDT

-  INDICATES NEGATIVE NUMBERS.
R  INDICATES RECORD WAS SET OR TIED.
MM INDICATES DATA IS MISSING.
T  INDICATES TRACE AMOUNT.

$$
