000
CDUS43 KPAH 210630
CLIEVV


CLIMATE REPORT
NATIONAL WEATHER SERVICE PADUCAH KY
128 AM CDT SAT MAR 21 2015


...................................

...THE EVANSVILLE IN CLIMATE SUMMARY FOR MARCH 20 2015...

CLIMATE NORMAL PERIOD 1981 TO 2010
CLIMATE RECORD PERIOD 1896 TO 2015


WEATHER ITEM   OBSERVED TIME   RECORD YEAR NORMAL DEPARTURE LAST
                VALUE   (LST)  VALUE       VALUE  FROM      YEAR
                                                  NORMAL
..................................................................
TEMPERATURE (F)
 YESTERDAY
  MAXIMUM         51    526 PM  84    2012  58     -7       60
  MINIMUM         42   1159 PM  12    1965  36      6       30
  AVERAGE         47                        47      0       45

PRECIPITATION (IN)
  YESTERDAY        T             2.05 1955   0.14  -0.14     0.00
  MONTH TO DATE    5.76                      2.61   3.15     1.35
  SINCE MAR 1      5.76                      2.61   3.15     1.35
  SINCE JAN 1     11.29                      8.88   2.41     5.30

SNOWFALL (IN)
  YESTERDAY        0.0           3.0  1996   0.0    0.0      0.0
  MONTH TO DATE    8.5                       0.8    7.7      2.4
  SINCE MAR 1      8.5                       0.8    7.7      2.4
  SINCE JUL 1     18.5                      11.5    7.0     12.4
  SNOW DEPTH       0

DEGREE DAYS
 HEATING
  YESTERDAY       18                        18      0       20
  MONTH TO DATE  445                       417     28      488
  SINCE MAR 1    445                       417     28      488
  SINCE JUL 1   4281                      3991    290     4450

 COOLING
  YESTERDAY        0                         0      0        0
  MONTH TO DATE    0                         0      0        0
  SINCE MAR 1      0                         0      0        0
  SINCE JAN 1      0                         0      0        0
..................................................................


WIND (MPH)
  HIGHEST WIND SPEED     9   HIGHEST WIND DIRECTION     N (350)
  HIGHEST GUST SPEED    13   HIGHEST GUST DIRECTION    NW (310)
  AVERAGE WIND SPEED     4.1


SKY COVER
  AVERAGE SKY COVER 0.9


WEATHER CONDITIONS
 THE FOLLOWING WEATHER WAS RECORDED YESTERDAY.
  FOG
  HAZE


RELATIVE HUMIDITY (PERCENT)
 HIGHEST    92
 LOWEST     63
 AVERAGE    78

..........................................................


THE EVANSVILLE IN CLIMATE NORMALS FOR TODAY
                         NORMAL    RECORD    YEAR
 MAXIMUM TEMPERATURE (F)   59        83      2012
 MINIMUM TEMPERATURE (F)   37        21      2013
                                             1986


SUNRISE AND SUNSET
MARCH 21 2015.........SUNRISE   653 AM CDT   SUNSET   703 PM CDT
MARCH 22 2015.........SUNRISE   651 AM CDT   SUNSET   704 PM CDT


-  INDICATES NEGATIVE NUMBERS.
R  INDICATES RECORD WAS SET OR TIED.
MM INDICATES DATA IS MISSING.
T  INDICATES TRACE AMOUNT.




$$
