000
CDUS43 KPAH 160631
CLIEVV


CLIMATE REPORT
NATIONAL WEATHER SERVICE PADUCAH KY
128 AM CDT THU APR 16 2015


...................................

...THE EVANSVILLE IN CLIMATE SUMMARY FOR APRIL 15 2015...

CLIMATE NORMAL PERIOD 1981 TO 2010
CLIMATE RECORD PERIOD 1896 TO 2015


WEATHER ITEM   OBSERVED TIME   RECORD YEAR NORMAL DEPARTURE LAST
                VALUE   (LST)  VALUE       VALUE  FROM      YEAR
                                                  NORMAL
..................................................................
TEMPERATURE (F)
 YESTERDAY
  MAXIMUM         68    302 PM  86    1977  68      0       45
  MINIMUM         55    530 AM  30    1957  44     11       34
                                      1950
                                      1943
  AVERAGE         62                        56      6       40

PRECIPITATION (IN)
  YESTERDAY        0.01          2.18 1972   0.15  -0.14     0.00
  MONTH TO DATE    4.13                      2.03   2.10     8.03
  SINCE MAR 1     10.98                      6.27   4.71    10.88
  SINCE JAN 1     16.51                     12.54   3.97    14.83

SNOWFALL (IN)
  YESTERDAY        0.0           1.3  1961   0.0    0.0      0.0
  MONTH TO DATE    0.0                       0.1   -0.1      0.0
  SINCE MAR 1      8.5                       1.1    7.4      2.6
  SINCE JUL 1     18.5                      11.8    6.7     12.6
  SNOW DEPTH       0

DEGREE DAYS
 HEATING
  YESTERDAY        3                        10     -7       25
  MONTH TO DATE   82                       178    -96      140
  SINCE MAR 1    701                       770    -69      853
  SINCE JUL 1   4537                      4344    193     4815

 COOLING
  YESTERDAY        0                         1     -1        0
  MONTH TO DATE   21                         7     14        5
  SINCE MAR 1     21                        10     11        5
  SINCE JAN 1     21                        10     11        5
..................................................................


WIND (MPH)
  HIGHEST WIND SPEED    18   HIGHEST WIND DIRECTION     E (80)
  HIGHEST GUST SPEED    23   HIGHEST GUST DIRECTION     E (80)
  AVERAGE WIND SPEED     8.9


SKY COVER
  AVERAGE SKY COVER 0.9


WEATHER CONDITIONS
 THE FOLLOWING WEATHER WAS RECORDED YESTERDAY.
  LIGHT RAIN
  FOG


RELATIVE HUMIDITY (PERCENT)
 HIGHEST    86
 LOWEST     48
 AVERAGE    67

..........................................................


THE EVANSVILLE IN CLIMATE NORMALS FOR TODAY
                         NORMAL    RECORD    YEAR
 MAXIMUM TEMPERATURE (F)   68        90      1967
 MINIMUM TEMPERATURE (F)   45        28      1962


SUNRISE AND SUNSET
APRIL 16 2015.........SUNRISE   614 AM CDT   SUNSET   727 PM CDT
APRIL 17 2015.........SUNRISE   612 AM CDT   SUNSET   728 PM CDT


-  INDICATES NEGATIVE NUMBERS.
R  INDICATES RECORD WAS SET OR TIED.
MM INDICATES DATA IS MISSING.
T  INDICATES TRACE AMOUNT.




$$
