000
CDUS43 KPAH 192132
CLIEVV


CLIMATE REPORT
NATIONAL WEATHER SERVICE PADUCAH KY
430 PM CDT SUN APR 19 2015

...................................

...THE EVANSVILLE IN CLIMATE SUMMARY FOR APRIL 19 2015...
VALID TODAY AS OF 0400 PM LOCAL TIME.

CLIMATE NORMAL PERIOD 1981 TO 2010
CLIMATE RECORD PERIOD 1896 TO 2015

WEATHER ITEM   OBSERVED TIME   RECORD YEAR NORMAL DEPARTURE LAST
                VALUE   (LST)  VALUE       VALUE  FROM      YEAR
                                                  NORMAL
..................................................................
TEMPERATURE (F)
 TODAY
  MAXIMUM         68    246 PM  86    1971  69     -1       77
                                      1915
  MINIMUM         59    718 AM  27    1983  46     13       51
  AVERAGE         64                        57      7       64

PRECIPITATION (IN)
  TODAY            1.31          2.01 1909   0.16   1.15     0.00
  MONTH TO DATE    5.56                      2.63   2.93     8.03
  SINCE MAR 1     12.41                      6.87   5.54    10.88
  SINCE JAN 1     17.94                     13.14   4.80    14.83

SNOWFALL (IN)
  TODAY            0.0                                       0.0
  MONTH TO DATE    0.0                                       0.0
  SINCE JUL 1     18.5                                      12.6
  SNOW DEPTH       0
..................................................................

WIND (MPH)
  HIGHEST WIND SPEED     9   HIGHEST WIND DIRECTION     S (190)
  HIGHEST GUST SPEED    11   HIGHEST GUST DIRECTION    NE (60)
..........................................................

THE EVANSVILLE IN CLIMATE NORMALS FOR TOMORROW
                         NORMAL    RECORD    YEAR
 MAXIMUM TEMPERATURE (F)   69        88      1976
                                             1971
 MINIMUM TEMPERATURE (F)   46        27      1904

SUNRISE AND SUNSET
APRIL 19 2015.........SUNRISE   610 AM CDT   SUNSET   730 PM CDT
APRIL 20 2015.........SUNRISE   608 AM CDT   SUNSET   731 PM CDT

-  INDICATES NEGATIVE NUMBERS.
R  INDICATES RECORD WAS SET OR TIED.
MM INDICATES DATA IS MISSING.
T  INDICATES TRACE AMOUNT.

$$
