000
CDUS43 KPAH 260630
CLIEVV


CLIMATE REPORT
NATIONAL WEATHER SERVICE PADUCAH KY
128 AM CDT SUN APR 26 2015


...................................

...THE EVANSVILLE IN CLIMATE SUMMARY FOR APRIL 25 2015...

CLIMATE NORMAL PERIOD 1981 TO 2010
CLIMATE RECORD PERIOD 1896 TO 2015


WEATHER ITEM   OBSERVED TIME   RECORD YEAR NORMAL DEPARTURE LAST
                VALUE   (LST)  VALUE       VALUE  FROM      YEAR
                                                  NORMAL
..................................................................
TEMPERATURE (F)
 YESTERDAY
  MAXIMUM         74    300 PM  89    1915  71      3       72
  MINIMUM         50   1159 PM  33    1983  48      2       54
                                      1919
  AVERAGE         62                        59      3       63

PRECIPITATION (IN)
  YESTERDAY        0.36          1.38 1975   0.16   0.20     0.10
  MONTH TO DATE    6.62                      3.56   3.06     8.24
  SINCE MAR 1     13.47                      7.80   5.67    11.09
  SINCE JAN 1     19.00                     14.07   4.93    15.04

SNOWFALL (IN)
  YESTERDAY        0.0           0.0  2002   0.0    0.0      0.0
                                      2001
  MONTH TO DATE    0.0                       0.1   -0.1      0.0
  SINCE MAR 1      8.5                       1.1    7.4      2.6
  SINCE JUL 1     18.5                      11.8    6.7     12.6
  SNOW DEPTH       0

DEGREE DAYS
 HEATING
  YESTERDAY        3                         7     -4        2
  MONTH TO DATE  153                       259   -106      198
  SINCE MAR 1    772                       851    -79      911
  SINCE JUL 1   4608                      4425    183     4873

 COOLING
  YESTERDAY        0                         1     -1        0
  MONTH TO DATE   28                        17     11        5
  SINCE MAR 1     28                        20      8        5
  SINCE JAN 1     28                        20      8        5
..................................................................


WIND (MPH)
  HIGHEST WIND SPEED    20   HIGHEST WIND DIRECTION    SW (230)
  HIGHEST GUST SPEED    25   HIGHEST GUST DIRECTION    NE (40)
  AVERAGE WIND SPEED     8.1


SKY COVER
  AVERAGE SKY COVER 0.9


WEATHER CONDITIONS
 THE FOLLOWING WEATHER WAS RECORDED YESTERDAY.
  THUNDERSTORM
  HEAVY RAIN
  RAIN
  LIGHT RAIN
  FOG
  HAZE


RELATIVE HUMIDITY (PERCENT)
 HIGHEST    93
 LOWEST     51
 AVERAGE    72

..........................................................


THE EVANSVILLE IN CLIMATE NORMALS FOR TODAY
                         NORMAL    RECORD    YEAR
 MAXIMUM TEMPERATURE (F)   71        91      1989
 MINIMUM TEMPERATURE (F)   48        34      1947


SUNRISE AND SUNSET
APRIL 26 2015.........SUNRISE   600 AM CDT   SUNSET   736 PM CDT
APRIL 27 2015.........SUNRISE   559 AM CDT   SUNSET   737 PM CDT


-  INDICATES NEGATIVE NUMBERS.
R  INDICATES RECORD WAS SET OR TIED.
MM INDICATES DATA IS MISSING.
T  INDICATES TRACE AMOUNT.




$$
